CRAN Package Check Results for Package sensibo.sky

Last updated on 2022-07-04 05:50:17 CEST.

Flavor Version Tinstall Tcheck Ttotal Status Flags
r-devel-linux-x86_64-debian-clang 1.0.0 2.64 24.66 27.30 NOTE
r-devel-linux-x86_64-debian-gcc 1.0.0 2.09 19.51 21.60 NOTE
r-devel-linux-x86_64-fedora-clang 1.0.0 44.05 NOTE
r-devel-linux-x86_64-fedora-gcc 1.0.0 43.14 NOTE
r-devel-windows-x86_64 1.0.0 20.00 50.00 70.00 NOTE
r-patched-linux-x86_64 1.0.0 2.79 24.71 27.50 NOTE
r-release-linux-x86_64 1.0.0 2.57 24.81 27.38 NOTE
r-release-macos-arm64 1.0.0 19.00 NOTE
r-release-macos-x86_64 1.0.0 23.00 NOTE
r-release-windows-x86_64 1.0.0 25.00 51.00 76.00 NOTE
r-oldrel-macos-arm64 1.0.0 20.00 NOTE
r-oldrel-macos-x86_64 1.0.0 25.00 NOTE
r-oldrel-windows-ix86+x86_64 1.0.0 7.00 43.00 50.00 NOTE

Check Details

Version: 1.0.0
Check: LazyData
Result: NOTE
     'LazyData' is specified without a 'data' directory
Flavors: r-devel-linux-x86_64-debian-clang, r-devel-linux-x86_64-debian-gcc, r-devel-linux-x86_64-fedora-clang, r-devel-linux-x86_64-fedora-gcc, r-devel-windows-x86_64, r-patched-linux-x86_64, r-release-linux-x86_64, r-release-macos-arm64, r-release-macos-x86_64, r-release-windows-x86_64, r-oldrel-macos-arm64, r-oldrel-macos-x86_64, r-oldrel-windows-ix86+x86_64