CRAN Package Check Results for Package sendmailR

Last updated on 2021-10-25 04:54:24 CEST.

Flavor Version Tinstall Tcheck Ttotal Status Flags
r-devel-linux-x86_64-debian-clang 1.2-1 2.03 20.89 22.92 NOTE
r-devel-linux-x86_64-debian-gcc 1.2-1 1.75 16.38 18.13 NOTE
r-devel-linux-x86_64-fedora-clang 1.2-1 38.55 NOTE
r-devel-linux-x86_64-fedora-gcc 1.2-1 28.46 NOTE
r-devel-windows-x86_64 1.2-1 4.00 33.00 37.00 NOTE
r-devel-windows-x86_64-gcc10-UCRT 1.2-1 NOTE
r-patched-linux-x86_64 1.2-1 2.04 20.25 22.29 NOTE
r-patched-solaris-x86 1.2-1 43.90 NOTE
r-release-linux-x86_64 1.2-1 2.04 20.19 22.23 NOTE
r-release-macos-arm64 1.2-1 NOTE
r-release-macos-x86_64 1.2-1 NOTE
r-release-windows-ix86+x86_64 1.2-1 5.00 29.00 34.00 NOTE
r-oldrel-macos-x86_64 1.2-1 NOTE
r-oldrel-windows-ix86+x86_64 1.2-1 5.00 28.00 33.00 NOTE

Check Details

Version: 1.2-1
Check: R code for possible problems
Result: NOTE
    .plot_attachment: no visible global function definition for 'dev.off'
    .update_list: no visible global function definition for 'modifyList'
    mime_part.data.frame: no visible global function definition for
     'write.table'
    mime_part.ggplot: no visible binding for global variable 'pdf'
    mime_part.matrix: no visible global function definition for
     'write.table'
    mime_part.trellis: no visible binding for global variable 'pdf'
    Undefined global functions or variables:
     dev.off modifyList pdf write.table
    Consider adding
     importFrom("grDevices", "dev.off", "pdf")
     importFrom("utils", "modifyList", "write.table")
    to your NAMESPACE file.
Flavors: r-devel-linux-x86_64-debian-clang, r-devel-linux-x86_64-debian-gcc, r-devel-linux-x86_64-fedora-clang, r-devel-linux-x86_64-fedora-gcc, r-devel-windows-x86_64, r-devel-windows-x86_64-gcc10-UCRT, r-patched-linux-x86_64, r-patched-solaris-x86, r-release-linux-x86_64, r-release-macos-arm64, r-release-macos-x86_64, r-release-windows-ix86+x86_64, r-oldrel-macos-x86_64, r-oldrel-windows-ix86+x86_64

Version: 1.2-1
Check: LazyData
Result: NOTE
     'LazyData' is specified without a 'data' directory
Flavors: r-devel-linux-x86_64-debian-clang, r-devel-linux-x86_64-debian-gcc, r-devel-linux-x86_64-fedora-clang, r-devel-linux-x86_64-fedora-gcc, r-devel-windows-x86_64, r-devel-windows-x86_64-gcc10-UCRT, r-patched-linux-x86_64, r-patched-solaris-x86, r-release-linux-x86_64, r-release-macos-arm64, r-release-macos-x86_64, r-release-windows-ix86+x86_64