Last updated on 2023-03-21 16:54:37 CET.
Flavor | Version | Tinstall | Tcheck | Ttotal | Status | Flags |
---|---|---|---|---|---|---|
r-devel-linux-x86_64-debian-clang | 0.2.9.6 | 3.62 | 156.08 | 159.70 | OK | |
r-devel-linux-x86_64-debian-gcc | 0.2.9.6 | 3.46 | 112.55 | 116.01 | OK | |
r-devel-linux-x86_64-fedora-clang | 0.2.9.6 | 207.82 | NOTE | |||
r-devel-linux-x86_64-fedora-gcc | 0.2.9.6 | 193.93 | OK | |||
r-patched-linux-x86_64 | 0.2.9.6 | 8.19 | 145.33 | 153.52 | OK | |
r-release-linux-x86_64 | 0.2.9.6 | 4.26 | 147.57 | 151.83 | OK | |
r-release-macos-arm64 | 0.2.9.6 | 43.00 | OK | |||
r-release-macos-x86_64 | 0.2.9.6 | 64.00 | OK | |||
r-release-windows-x86_64 | 0.2.9.6 | 24.00 | 172.00 | 196.00 | OK | |
r-oldrel-macos-arm64 | 0.2.9.6 | 48.00 | OK | |||
r-oldrel-macos-x86_64 | 0.2.9.6 | 87.00 | OK | |||
r-oldrel-windows-ix86+x86_64 | 0.2.9.6 | 9.00 | 197.00 | 206.00 | OK |
Version: 0.2.9.6
Check: Rd cross-references
Result: NOTE
Undeclared package ‘qgraph’ in Rd xrefs
Flavor: r-devel-linux-x86_64-fedora-clang