CRAN Package Check Results for Package seeds

Last updated on 2021-06-20 09:50:07 CEST.

Flavor Version Tinstall Tcheck Ttotal Status Flags
r-devel-linux-x86_64-debian-clang 0.9.1 7.13 69.91 77.04 OK
r-devel-linux-x86_64-debian-gcc 0.9.1 6.19 53.07 59.26 OK
r-devel-linux-x86_64-fedora-clang 0.9.1 100.58 NOTE
r-devel-linux-x86_64-fedora-gcc 0.9.1 91.06 NOTE
r-devel-windows-x86_64 0.9.1 15.00 93.00 108.00 OK
r-devel-windows-x86_64-gcc10-UCRT 0.9.1 NOTE
r-patched-linux-x86_64 0.9.1 10.91 67.09 78.00 OK
r-patched-solaris-x86 0.9.1 128.80 NOTE
r-release-linux-x86_64 0.9.1 7.91 67.38 75.29 OK
r-release-macos-arm64 0.9.1 NOTE
r-release-macos-x86_64 0.9.1 NOTE
r-release-windows-ix86+x86_64 0.9.1 16.00 90.00 106.00 OK
r-oldrel-macos-x86_64 0.9.1 NOTE
r-oldrel-windows-ix86+x86_64 0.9.1 10.00 92.00 102.00 OK

Check Details

Version: 0.9.1
Check: package dependencies
Result: NOTE
    Package suggested but not available for checking: ‘rsbml’
Flavors: r-devel-linux-x86_64-fedora-clang, r-devel-linux-x86_64-fedora-gcc, r-devel-windows-x86_64-gcc10-UCRT, r-patched-solaris-x86, r-release-macos-arm64, r-release-macos-x86_64, r-oldrel-macos-x86_64