Last updated on 2022-07-05 05:53:02 CEST.
Flavor | Version | Tinstall | Tcheck | Ttotal | Status | Flags |
---|---|---|---|---|---|---|
r-devel-linux-x86_64-debian-clang | 4.5.5 | 412.69 | 609.23 | 1021.92 | NOTE | |
r-devel-linux-x86_64-debian-gcc | 4.5.5 | 333.92 | 449.58 | 783.50 | NOTE | |
r-devel-linux-x86_64-fedora-clang | 4.5.5 | 1333.44 | NOTE | |||
r-devel-linux-x86_64-fedora-gcc | 4.5.5 | 1274.63 | NOTE | |||
r-devel-windows-x86_64 | 4.5.5 | 387.00 | 738.00 | 1125.00 | NOTE | |
r-patched-linux-x86_64 | 4.5.5 | 373.94 | 584.92 | 958.86 | NOTE | |
r-release-linux-x86_64 | 4.5.5 | 374.77 | 575.59 | 950.36 | NOTE | |
r-release-macos-arm64 | 4.5.5 | 255.00 | NOTE | |||
r-release-macos-x86_64 | 4.5.5 | 408.00 | NOTE | |||
r-release-windows-x86_64 | 4.5.5 | 394.00 | 719.00 | 1113.00 | NOTE | |
r-oldrel-macos-arm64 | 4.5.5 | 262.00 | NOTE | |||
r-oldrel-macos-x86_64 | 4.5.5 | 396.00 | NOTE | |||
r-oldrel-windows-ix86+x86_64 | 4.5.5 | 1011.00 | 1040.00 | 2051.00 | NOTE |
Version: 4.5.5
Check: Rd files
Result: NOTE
checkRd: (-1) detectfn.Rd:183: Escaped LaTeX specials: \&
checkRd: (-1) sim.popn.Rd:25: Escaped LaTeX specials: \^
checkRd: (-1) utility.Rd:47: Escaped LaTeX specials: \&
Flavors: r-devel-linux-x86_64-debian-clang, r-devel-linux-x86_64-debian-gcc, r-devel-linux-x86_64-fedora-clang, r-devel-linux-x86_64-fedora-gcc, r-devel-windows-x86_64
Version: 4.5.5
Check: for GNU extensions in Makefiles
Result: NOTE
GNU make is a SystemRequirements.
Flavors: r-devel-linux-x86_64-debian-clang, r-devel-linux-x86_64-debian-gcc, r-devel-linux-x86_64-fedora-clang, r-devel-linux-x86_64-fedora-gcc, r-devel-windows-x86_64, r-patched-linux-x86_64, r-release-linux-x86_64, r-release-macos-arm64, r-release-macos-x86_64, r-release-windows-x86_64, r-oldrel-macos-arm64, r-oldrel-macos-x86_64, r-oldrel-windows-ix86+x86_64
Version: 4.5.5
Check: installed package size
Result: NOTE
installed size is 15.9Mb
sub-directories of 1Mb or more:
R 1.5Mb
libs 12.6Mb
Flavors: r-devel-linux-x86_64-fedora-clang, r-devel-windows-x86_64, r-release-macos-arm64, r-release-macos-x86_64, r-release-windows-x86_64, r-oldrel-macos-arm64, r-oldrel-macos-x86_64, r-oldrel-windows-ix86+x86_64