Last updated on 2023-02-09 03:56:23 CET.
Flavor | Version | Tinstall | Tcheck | Ttotal | Status | Flags |
---|---|---|---|---|---|---|
r-devel-linux-x86_64-debian-clang | 4.5.8 | 458.41 | 660.17 | 1118.58 | NOTE | |
r-devel-linux-x86_64-debian-gcc | 4.5.8 | 343.60 | 485.07 | 828.67 | NOTE | |
r-devel-linux-x86_64-fedora-clang | 4.5.8 | 1443.95 | NOTE | |||
r-devel-linux-x86_64-fedora-gcc | 4.5.8 | 1544.09 | NOTE | |||
r-devel-windows-x86_64 | 4.5.8 | 524.00 | 818.00 | 1342.00 | NOTE | |
r-patched-linux-x86_64 | 4.5.8 | 386.89 | 633.22 | 1020.11 | NOTE | |
r-release-linux-x86_64 | 4.5.8 | 401.60 | 617.61 | 1019.21 | NOTE | |
r-release-macos-arm64 | 4.5.8 | 324.00 | NOTE | |||
r-release-macos-x86_64 | 4.5.8 | 423.00 | NOTE | |||
r-release-windows-x86_64 | 4.5.8 | 444.00 | 824.00 | 1268.00 | NOTE | |
r-oldrel-macos-arm64 | 4.5.8 | 294.00 | NOTE | |||
r-oldrel-macos-x86_64 | 4.5.8 | 414.00 | NOTE | |||
r-oldrel-windows-ix86+x86_64 | 4.5.8 | 1009.00 | 1069.00 | 2078.00 | NOTE |
Version: 4.5.8
Check: C++ specification
Result: NOTE
Specified C++11: please update to current default of C++17
Flavor: r-devel-linux-x86_64-debian-clang
Version: 4.5.8
Check: for GNU extensions in Makefiles
Result: NOTE
GNU make is a SystemRequirements.
Flavors: r-devel-linux-x86_64-debian-clang, r-devel-linux-x86_64-debian-gcc, r-devel-linux-x86_64-fedora-clang, r-devel-linux-x86_64-fedora-gcc, r-devel-windows-x86_64, r-patched-linux-x86_64, r-release-linux-x86_64, r-release-macos-arm64, r-release-macos-x86_64, r-release-windows-x86_64, r-oldrel-macos-arm64, r-oldrel-macos-x86_64, r-oldrel-windows-ix86+x86_64
Version: 4.5.8
Check: C++ specification
Result: NOTE
Specified C++11: please drop specification unless essential
Flavors: r-devel-linux-x86_64-debian-gcc, r-devel-linux-x86_64-fedora-clang, r-devel-linux-x86_64-fedora-gcc, r-devel-windows-x86_64
Version: 4.5.8
Check: installed package size
Result: NOTE
installed size is 5.2Mb
sub-directories of 1Mb or more:
R 1.5Mb
libs 2.0Mb
Flavors: r-devel-windows-x86_64, r-release-macos-arm64, r-release-macos-x86_64, r-release-windows-x86_64, r-oldrel-macos-arm64, r-oldrel-macos-x86_64, r-oldrel-windows-ix86+x86_64