CRAN Package Check Results for Package secr

Last updated on 2022-01-23 00:57:25 CET.

Flavor Version Tinstall Tcheck Ttotal Status Flags
r-devel-linux-x86_64-debian-clang 4.5.1 381.07 514.85 895.92 NOTE
r-devel-linux-x86_64-debian-gcc 4.5.1 293.22 386.62 679.84 NOTE
r-devel-linux-x86_64-fedora-clang 4.5.1 1236.27 NOTE
r-devel-linux-x86_64-fedora-gcc 4.5.1 1220.63 NOTE
r-devel-windows-x86_64-new-UL 4.5.1 457.00 672.00 1129.00 NOTE
r-devel-windows-x86_64-new-TK 4.5.1 NOTE
r-patched-linux-x86_64 4.5.1 362.43 515.42 877.85 NOTE
r-release-linux-x86_64 4.5.1 340.36 523.04 863.40 NOTE
r-release-macos-arm64 4.5.0 NOTE
r-release-macos-x86_64 4.5.1 WARN
r-release-windows-ix86+x86_64 4.5.1 673.00 707.00 1380.00 NOTE
r-oldrel-macos-x86_64 4.4.8 NOTE
r-oldrel-windows-ix86+x86_64 4.5.1 685.00 705.00 1390.00 NOTE

Check Details

Version: 4.5.1
Check: for GNU extensions in Makefiles
Result: NOTE
    GNU make is a SystemRequirements.
Flavors: r-devel-linux-x86_64-debian-clang, r-devel-linux-x86_64-debian-gcc, r-devel-linux-x86_64-fedora-clang, r-devel-linux-x86_64-fedora-gcc, r-devel-windows-x86_64-new-UL, r-devel-windows-x86_64-new-TK, r-patched-linux-x86_64, r-release-linux-x86_64, r-release-macos-x86_64, r-release-windows-ix86+x86_64, r-oldrel-windows-ix86+x86_64

Version: 4.5.1
Check: installed package size
Result: NOTE
     installed size is 17.9Mb
     sub-directories of 1Mb or more:
     R 1.5Mb
     libs 14.7Mb
Flavors: r-devel-linux-x86_64-fedora-clang, r-devel-windows-x86_64-new-UL, r-release-macos-x86_64, r-release-windows-ix86+x86_64, r-oldrel-windows-ix86+x86_64

Version: 4.5.0
Check: installed package size
Result: NOTE
     installed size is 21.1Mb
     sub-directories of 1Mb or more:
     R 2.0Mb
     libs 17.4Mb
Flavor: r-release-macos-arm64

Version: 4.5.0
Check: for GNU extensions in Makefiles
Result: NOTE
    GNU make is a SystemRequirements.
Flavor: r-release-macos-arm64

Version: 4.5.1
Check: whether package can be installed
Result: WARN
    Found the following significant warnings:
     Warning: multiple methods tables found for ‘direction’
     Warning: multiple methods tables found for ‘gridDistance’
Flavor: r-release-macos-x86_64

Version: 4.4.8
Check: installed package size
Result: NOTE
     installed size is 18.3Mb
     sub-directories of 1Mb or more:
     R 1.4Mb
     libs 15.2Mb
Flavor: r-oldrel-macos-x86_64

Version: 4.4.8
Check: for GNU extensions in Makefiles
Result: NOTE
    GNU make is a SystemRequirements.
Flavor: r-oldrel-macos-x86_64