Last updated on 2022-07-07 05:56:12 CEST.
Flavor | Version | Tinstall | Tcheck | Ttotal | Status | Flags |
---|---|---|---|---|---|---|
r-devel-linux-x86_64-debian-clang | 3.3.0 | 16.98 | 95.29 | 112.27 | NOTE | |
r-devel-linux-x86_64-debian-gcc | 3.3.1 | 9.92 | 72.53 | 82.45 | OK | |
r-devel-linux-x86_64-fedora-clang | 3.3.1 | 151.79 | OK | |||
r-devel-linux-x86_64-fedora-gcc | 3.3.1 | 153.91 | OK | |||
r-devel-windows-x86_64 | 3.3.1 | 27.00 | 121.00 | 148.00 | OK | |
r-patched-linux-x86_64 | 3.3.1 | 17.08 | 88.15 | 105.23 | OK | |
r-release-linux-x86_64 | 3.3.0 | 16.65 | 86.52 | 103.17 | OK | |
r-release-macos-arm64 | 3.3.1 | 33.00 | OK | |||
r-release-macos-x86_64 | 3.3.1 | 52.00 | OK | |||
r-release-windows-x86_64 | 3.3.1 | 44.00 | 111.00 | 155.00 | OK | |
r-oldrel-macos-arm64 | 3.3.1 | 33.00 | OK | |||
r-oldrel-macos-x86_64 | 3.3.1 | 49.00 | OK | |||
r-oldrel-windows-ix86+x86_64 | 3.3.1 | 27.00 | 119.00 | 146.00 | OK |
Version: 3.3.0
Check: HTML version of manual
Result: NOTE
Found the following problems:
derivnum.Rd:276:38: Warning: nested emphasis <code>
Flavor: r-devel-linux-x86_64-debian-clang