CRAN Package Check Results for Package sdcTable

Last updated on 2021-07-24 07:49:39 CEST.

Flavor Version Tinstall Tcheck Ttotal Status Flags
r-devel-linux-x86_64-debian-clang 0.31 72.57 110.60 183.17 OK
r-devel-linux-x86_64-debian-gcc 0.31 53.05 79.30 132.35 OK
r-devel-linux-x86_64-fedora-clang 0.31 247.35 NOTE
r-devel-linux-x86_64-fedora-gcc 0.31 214.65 NOTE
r-devel-windows-x86_64 0.31 69.00 107.00 176.00 OK
r-devel-windows-x86_64-gcc10-UCRT 0.31 NOTE
r-patched-linux-x86_64 0.31 56.18 98.49 154.67 OK
r-patched-solaris-x86 0.31 235.40 NOTE
r-release-linux-x86_64 0.31 56.22 99.23 155.45 OK
r-release-macos-arm64 0.31 NOTE
r-release-macos-x86_64 0.31 NOTE
r-release-windows-ix86+x86_64 0.31 144.00 133.00 277.00 NOTE
r-oldrel-macos-x86_64 0.31 NOTE
r-oldrel-windows-ix86+x86_64 0.31 146.00 172.00 318.00 NOTE

Check Details

Version: 0.31
Check: dependencies in R code
Result: NOTE
    Namespace in Imports field not imported from: 'lpSolveAPI'
     All declared Imports should be used.
Flavors: r-devel-linux-x86_64-fedora-clang, r-devel-linux-x86_64-fedora-gcc, r-devel-windows-x86_64-gcc10-UCRT, r-patched-solaris-x86, r-release-macos-arm64, r-release-macos-x86_64, r-oldrel-macos-x86_64

Version: 0.31
Check: installed package size
Result: NOTE
     installed size is 7.2Mb
     sub-directories of 1Mb or more:
     R 2.1Mb
     libs 4.8Mb
Flavors: r-release-macos-arm64, r-release-macos-x86_64, r-release-windows-ix86+x86_64, r-oldrel-macos-x86_64, r-oldrel-windows-ix86+x86_64