CRAN Package Check Results for Package sda

Last updated on 2021-10-24 16:54:17 CEST.

Flavor Version Tinstall Tcheck Ttotal Status Flags
r-devel-linux-x86_64-debian-clang 1.3.7 3.19 30.40 33.59 OK
r-devel-linux-x86_64-debian-gcc 1.3.7 2.39 24.49 26.88 OK
r-devel-linux-x86_64-fedora-clang 1.3.7 50.15 NOTE
r-devel-linux-x86_64-fedora-gcc 1.3.7 40.11 OK
r-devel-windows-x86_64 1.3.7 5.00 39.00 44.00 OK
r-devel-windows-x86_64-gcc10-UCRT 1.3.7 OK
r-patched-linux-x86_64 1.3.7 2.75 30.01 32.76 OK
r-patched-solaris-x86 1.3.7 67.60 OK
r-release-linux-x86_64 1.3.7 3.24 29.59 32.83 OK
r-release-macos-arm64 1.3.7 OK
r-release-macos-x86_64 1.3.7 OK
r-release-windows-ix86+x86_64 1.3.7 5.00 49.00 54.00 OK
r-oldrel-macos-x86_64 1.3.7 OK
r-oldrel-windows-ix86+x86_64 1.3.7 6.00 50.00 56.00 OK

Check Details

Version: 1.3.7
Check: Rd cross-references
Result: NOTE
    Undeclared package ‘care’ in Rd xrefs
Flavor: r-devel-linux-x86_64-fedora-clang