CRAN Package Check Results for Package sctransform

Last updated on 2022-01-23 12:59:53 CET.

Flavor Version Tinstall Tcheck Ttotal Status Flags
r-devel-linux-x86_64-debian-clang 0.3.3 44.07 120.07 164.14 NOTE
r-devel-linux-x86_64-debian-gcc 0.3.3 36.43 100.53 136.96 NOTE
r-devel-linux-x86_64-fedora-clang 0.3.3 218.27 NOTE
r-devel-linux-x86_64-fedora-gcc 0.3.3 193.57 NOTE
r-devel-windows-x86_64-new-UL 0.3.3 102.00 172.00 274.00 OK
r-devel-windows-x86_64-new-TK 0.3.3 NOTE
r-patched-linux-x86_64 0.3.3 43.11 113.26 156.37 NOTE
r-release-linux-x86_64 0.3.3 39.18 113.06 152.24 NOTE
r-release-macos-arm64 0.3.3 NOTE
r-release-macos-x86_64 0.3.3 NOTE
r-release-windows-ix86+x86_64 0.3.3 111.00 191.00 302.00 OK
r-oldrel-macos-x86_64 0.3.2 NOTE
r-oldrel-windows-ix86+x86_64 0.3.3 110.00 195.00 305.00 OK

Check Details

Version: 0.3.3
Check: package dependencies
Result: NOTE
    Package which this enhances but not available for checking: 'glmGamPoi'
Flavors: r-devel-linux-x86_64-debian-clang, r-devel-linux-x86_64-debian-gcc, r-devel-linux-x86_64-fedora-clang, r-devel-linux-x86_64-fedora-gcc, r-devel-windows-x86_64-new-TK, r-patched-linux-x86_64, r-release-linux-x86_64, r-release-macos-arm64, r-release-macos-x86_64

Version: 0.3.2
Check: package dependencies
Result: NOTE
    Package which this enhances but not available for checking: ‘glmGamPoi’
Flavor: r-oldrel-macos-x86_64