CRAN Package Check Results for Package scientoText

Last updated on 2021-07-26 19:49:36 CEST.

Flavor Version Tinstall Tcheck Ttotal Status Flags
r-devel-linux-x86_64-debian-clang 0.1 3.19 31.28 34.47 NOTE
r-devel-linux-x86_64-debian-gcc 0.1 2.68 25.48 28.16 NOTE
r-devel-linux-x86_64-fedora-clang 0.1 50.90 NOTE
r-devel-linux-x86_64-fedora-gcc 0.1 41.73 NOTE
r-devel-windows-x86_64 0.1 6.00 51.00 57.00 NOTE
r-devel-windows-x86_64-gcc10-UCRT 0.1 NOTE
r-patched-linux-x86_64 0.1 3.59 30.68 34.27 NOTE
r-patched-solaris-x86 0.1 64.90 NOTE
r-release-linux-x86_64 0.1 3.43 30.75 34.18 NOTE
r-release-macos-arm64 0.1 NOTE
r-release-macos-x86_64 0.1 NOTE
r-release-windows-ix86+x86_64 0.1 8.00 40.00 48.00 NOTE
r-oldrel-macos-x86_64 0.1 OK
r-oldrel-windows-ix86+x86_64 0.1 7.00 50.00 57.00 OK

Check Details

Version: 0.1
Check: LazyData
Result: NOTE
     'LazyData' is specified without a 'data' directory
Flavors: r-devel-linux-x86_64-debian-clang, r-devel-linux-x86_64-debian-gcc, r-devel-linux-x86_64-fedora-clang, r-devel-linux-x86_64-fedora-gcc, r-devel-windows-x86_64, r-devel-windows-x86_64-gcc10-UCRT, r-patched-linux-x86_64, r-patched-solaris-x86, r-release-linux-x86_64, r-release-macos-arm64, r-release-macos-x86_64, r-release-windows-ix86+x86_64