CRAN Package Check Results for Package schoRsch

Last updated on 2021-09-20 16:50:59 CEST.

Flavor Version Tinstall Tcheck Ttotal Status Flags
r-devel-linux-x86_64-debian-clang 1.9.1 2.27 24.09 26.36 OK
r-devel-linux-x86_64-debian-gcc 1.9.1 2.06 19.09 21.15 OK
r-devel-linux-x86_64-fedora-clang 1.9.1 41.62 OK
r-devel-linux-x86_64-fedora-gcc 1.9.1 30.35 OK
r-devel-windows-x86_64 1.9.1 4.00 31.00 35.00 OK
r-devel-windows-x86_64-gcc10-UCRT 1.9.1 ERROR
r-patched-linux-x86_64 1.9.1 2.83 23.46 26.29 OK
r-patched-solaris-x86 1.9.1 47.50 OK
r-release-linux-x86_64 1.9.1 2.52 23.45 25.97 OK
r-release-macos-arm64 1.9.1 OK
r-release-macos-x86_64 1.9.1 OK
r-release-windows-ix86+x86_64 1.9.1 6.00 29.00 35.00 OK
r-oldrel-macos-x86_64 1.9.1 OK
r-oldrel-windows-ix86+x86_64 1.9.1 6.00 31.00 37.00 OK

Check Details

Version: 1.9.1
Check: whether package can be installed
Result: WARN
    Found the following significant warnings:
     WARNING: installation-time patches will not be applied, could not get the patches index
Flavor: r-devel-windows-x86_64-gcc10-UCRT

Version: 1.9.1
Check: PDF version of manual
Result: WARN
    LaTeX errors when creating PDF version.
    This typically indicates Rd problems.
Flavor: r-devel-windows-x86_64-gcc10-UCRT

Version: 1.9.1
Check: PDF version of manual without hyperrefs or index
Result: ERROR
    Re-running with no redirection of stdout/stderr.
Flavor: r-devel-windows-x86_64-gcc10-UCRT