CRAN Package Check Results for Package sccore

Last updated on 2021-10-21 04:58:45 CEST.

Flavor Version Tinstall Tcheck Ttotal Status Flags
r-devel-linux-x86_64-debian-clang 1.0.0 60.83 73.48 134.31 OK
r-devel-linux-x86_64-debian-gcc 1.0.0 47.96 56.31 104.27 OK
r-devel-windows-x86_64 1.0.0 86.00 91.00 177.00 OK
r-devel-windows-x86_64-gcc10-UCRT 1.0.0 ERROR
r-patched-linux-x86_64 1.0.0 50.91 69.04 119.95 OK
r-release-linux-x86_64 1.0.0 43.49 69.69 113.18 OK
r-release-macos-arm64 0.1.3 NOTE
r-release-macos-x86_64 1.0.0 NOTE
r-release-windows-ix86+x86_64 1.0.0 146.00 135.00 281.00 OK
r-oldrel-macos-x86_64 1.0.0 NOTE
r-oldrel-windows-ix86+x86_64 1.0.0 117.00 105.00 222.00 OK

Check Details

Version: 1.0.0
Check: package dependencies
Result: ERROR
    Package required but not available: 'igraph'
    
    See section 'The DESCRIPTION file' in the 'Writing R Extensions'
    manual.
Flavor: r-devel-windows-x86_64-gcc10-UCRT

Version: 0.1.3
Check: installed package size
Result: NOTE
     installed size is 6.1Mb
     sub-directories of 1Mb or more:
     libs 5.3Mb
Flavor: r-release-macos-arm64

Version: 1.0.0
Check: installed package size
Result: NOTE
     installed size is 5.9Mb
     sub-directories of 1Mb or more:
     libs 5.1Mb
Flavors: r-release-macos-x86_64, r-oldrel-macos-x86_64