Last updated on 2022-08-14 09:52:16 CEST.
Flavor | Version | Tinstall | Tcheck | Ttotal | Status | Flags |
---|---|---|---|---|---|---|
r-devel-linux-x86_64-debian-clang | 1.0.0 | 4.13 | 59.22 | 63.35 | OK | |
r-devel-linux-x86_64-debian-gcc | 1.0.0 | 3.39 | 44.46 | 47.85 | OK | |
r-devel-linux-x86_64-fedora-clang | 1.0.0 | 88.11 | OK | |||
r-devel-linux-x86_64-fedora-gcc | 1.0.0 | 83.49 | OK | |||
r-devel-windows-x86_64 | 1.0.0 | 51.00 | 87.00 | 138.00 | OK | |
r-patched-linux-x86_64 | 1.0.0 | 5.04 | 55.70 | 60.74 | OK | |
r-release-linux-x86_64 | 1.0.0 | 4.38 | 55.56 | 59.94 | OK | |
r-release-macos-arm64 | 1.0.0 | 25.00 | OK | |||
r-release-macos-x86_64 | 1.0.0 | 35.00 | OK | |||
r-release-windows-x86_64 | 1.0.0 | 89.00 | 86.00 | 175.00 | OK | |
r-oldrel-macos-arm64 | 1.0.0 | 29.00 | WARN | |||
r-oldrel-macos-x86_64 | 1.0.0 | 38.00 | WARN | |||
r-oldrel-windows-ix86+x86_64 | 1.0.0 | 9.00 | 79.00 | 88.00 | OK |
Version: 1.0.0
Check: for executable files
Result: WARN
Found the following executable file:
inst/extdata/Azores.dbf
Source packages should not contain undeclared executable files.
See section ‘Package structure’ in the ‘Writing R Extensions’ manual.
Flavors: r-oldrel-macos-arm64, r-oldrel-macos-x86_64