CRAN Package Check Results for Package scalpel

Last updated on 2022-07-03 17:52:15 CEST.

Flavor Version Tinstall Tcheck Ttotal Status Flags
r-devel-linux-x86_64-debian-clang 1.0.3 12.51 82.56 95.07 NOTE
r-devel-linux-x86_64-debian-gcc 1.0.3 9.49 60.65 70.14 NOTE
r-devel-linux-x86_64-fedora-clang 1.0.3 120.69 NOTE
r-devel-linux-x86_64-fedora-gcc 1.0.3 127.04 NOTE
r-devel-windows-x86_64 1.0.3 33.00 106.00 139.00 NOTE
r-patched-linux-x86_64 1.0.3 9.95 79.34 89.29 NOTE
r-release-linux-x86_64 1.0.3 12.88 79.27 92.15 NOTE
r-release-macos-arm64 1.0.3 36.00 NOTE
r-release-macos-x86_64 1.0.3 49.00 NOTE
r-release-windows-x86_64 1.0.3 45.00 112.00 157.00 NOTE
r-oldrel-macos-arm64 1.0.3 45.00 NOTE
r-oldrel-macos-x86_64 1.0.3 68.00 NOTE
r-oldrel-windows-ix86+x86_64 1.0.3 28.00 127.00 155.00 NOTE

Check Details

Version: 1.0.3
Check: LazyData
Result: NOTE
     'LazyData' is specified without a 'data' directory
Flavors: r-devel-linux-x86_64-debian-clang, r-devel-linux-x86_64-debian-gcc, r-devel-linux-x86_64-fedora-clang, r-devel-linux-x86_64-fedora-gcc, r-devel-windows-x86_64, r-patched-linux-x86_64, r-release-linux-x86_64, r-release-macos-arm64, r-release-macos-x86_64, r-release-windows-x86_64, r-oldrel-macos-arm64, r-oldrel-macos-x86_64, r-oldrel-windows-ix86+x86_64