CRAN Package Check Results for Package scalpel

Last updated on 2021-11-29 23:50:51 CET.

Flavor Version Tinstall Tcheck Ttotal Status Flags
r-devel-linux-x86_64-debian-clang 1.0.3 14.06 74.01 88.07 NOTE
r-devel-linux-x86_64-debian-gcc 1.0.3 8.39 57.37 65.76 NOTE
r-devel-linux-x86_64-fedora-clang 1.0.3 116.96 NOTE
r-devel-linux-x86_64-fedora-gcc 1.0.3 104.84 NOTE
r-devel-windows-x86_64-new-UL 1.0.3 25.00 116.00 141.00 NOTE
r-devel-windows-x86_64-new-TK 1.0.3 NOTE
r-devel-windows-x86_64-old 1.0.3 19.00 74.00 93.00 NOTE
r-patched-linux-x86_64 1.0.3 11.77 72.56 84.33 NOTE
r-patched-solaris-x86 1.0.3 146.90 NOTE
r-release-linux-x86_64 1.0.3 12.11 72.21 84.32 NOTE
r-release-macos-arm64 1.0.3 NOTE
r-release-macos-x86_64 1.0.3 NOTE
r-release-windows-ix86+x86_64 1.0.3 27.00 92.00 119.00 NOTE
r-oldrel-macos-x86_64 1.0.3 OK
r-oldrel-windows-ix86+x86_64 1.0.3 19.00 119.00 138.00 OK

Check Details

Version: 1.0.3
Check: LazyData
Result: NOTE
     'LazyData' is specified without a 'data' directory
Flavors: r-devel-linux-x86_64-debian-clang, r-devel-linux-x86_64-debian-gcc, r-devel-linux-x86_64-fedora-clang, r-devel-linux-x86_64-fedora-gcc, r-devel-windows-x86_64-new-UL, r-devel-windows-x86_64-new-TK, r-devel-windows-x86_64-old, r-patched-linux-x86_64, r-patched-solaris-x86, r-release-linux-x86_64, r-release-macos-arm64, r-release-macos-x86_64, r-release-windows-ix86+x86_64