CRAN Package Check Results for Package scTenifoldNet

Last updated on 2021-09-26 16:49:28 CEST.

Flavor Version Tinstall Tcheck Ttotal Status Flags
r-devel-linux-x86_64-debian-clang 1.2.4 7.82 91.91 99.73 NOTE
r-devel-linux-x86_64-debian-gcc 1.2.4 6.12 71.46 77.58 NOTE
r-devel-linux-x86_64-fedora-clang 1.2.4 126.17 NOTE
r-devel-linux-x86_64-fedora-gcc 1.2.4 117.70 NOTE
r-devel-windows-x86_64 1.2.4 8.00 86.00 94.00 NOTE
r-devel-windows-x86_64-gcc10-UCRT 1.2.4 NOTE
r-patched-linux-x86_64 1.2.4 7.64 88.74 96.38 NOTE
r-patched-solaris-x86 1.2.4 173.20 NOTE
r-release-linux-x86_64 1.2.4 7.79 88.75 96.54 NOTE
r-release-macos-arm64 1.2.4 NOTE
r-release-macos-x86_64 1.2.4 NOTE
r-release-windows-ix86+x86_64 1.2.4 18.00 90.00 108.00 NOTE
r-oldrel-macos-x86_64 1.2.4 OK
r-oldrel-windows-ix86+x86_64 1.2.4 12.00 92.00 104.00 OK

Check Details

Version: 1.2.4
Check: LazyData
Result: NOTE
     'LazyData' is specified without a 'data' directory
Flavors: r-devel-linux-x86_64-debian-clang, r-devel-linux-x86_64-debian-gcc, r-devel-linux-x86_64-fedora-clang, r-devel-linux-x86_64-fedora-gcc, r-devel-windows-x86_64, r-devel-windows-x86_64-gcc10-UCRT, r-patched-linux-x86_64, r-patched-solaris-x86, r-release-linux-x86_64, r-release-macos-arm64, r-release-macos-x86_64, r-release-windows-ix86+x86_64