Last updated on 2022-08-14 21:53:21 CEST.
Flavor | Version | Tinstall | Tcheck | Ttotal | Status | Flags |
---|---|---|---|---|---|---|
r-devel-linux-x86_64-debian-clang | 1.0 | 23.31 | 191.24 | 214.55 | NOTE | |
r-devel-linux-x86_64-debian-gcc | 1.0 | 17.69 | 136.73 | 154.42 | NOTE | |
r-devel-linux-x86_64-fedora-clang | 1.0 | 261.74 | NOTE | |||
r-devel-linux-x86_64-fedora-gcc | 1.0 | 262.29 | NOTE | |||
r-devel-windows-x86_64 | 1.0 | 42.00 | 200.00 | 242.00 | OK | |
r-patched-linux-x86_64 | 1.0 | 20.66 | 178.05 | 198.71 | NOTE | |
r-release-linux-x86_64 | 1.0 | 17.73 | 174.69 | 192.42 | NOTE | |
r-release-macos-arm64 | 1.0 | 69.00 | OK | |||
r-release-macos-x86_64 | 1.0 | 113.00 | OK | |||
r-release-windows-x86_64 | 1.0 | 43.00 | 208.00 | 251.00 | OK | |
r-oldrel-macos-arm64 | 1.0 | 101.00 | OK | |||
r-oldrel-macos-x86_64 | 1.0 | 85.00 | OK | |||
r-oldrel-windows-ix86+x86_64 | 1.0 | 50.00 | 206.00 | 256.00 | OK |
Version: 1.0
Check: for non-standard things in the check directory
Result: NOTE
Found the following files/directories:
'untitled_consensus_cluster'
Flavors: r-devel-linux-x86_64-debian-clang, r-devel-linux-x86_64-debian-gcc, r-devel-linux-x86_64-fedora-clang, r-devel-linux-x86_64-fedora-gcc, r-patched-linux-x86_64, r-release-linux-x86_64