CRAN Package Check Results for Package scRNAtools

Last updated on 2021-09-24 16:50:17 CEST.

Flavor Version Tinstall Tcheck Ttotal Status Flags
r-devel-linux-x86_64-debian-clang 1.0 16.54 166.04 182.58 NOTE
r-devel-linux-x86_64-debian-gcc 1.0 13.81 121.23 135.04 NOTE
r-devel-linux-x86_64-fedora-clang 1.0 227.14 NOTE
r-devel-linux-x86_64-fedora-gcc 1.0 209.67 NOTE
r-devel-windows-x86_64 1.0 21.00 141.00 162.00 OK
r-devel-windows-x86_64-gcc10-UCRT 1.0 OK
r-patched-linux-x86_64 1.0 15.69 154.13 169.82 NOTE
r-patched-solaris-x86 1.0 305.20 NOTE
r-release-linux-x86_64 1.0 14.37 152.94 167.31 NOTE
r-release-macos-arm64 1.0 OK
r-release-macos-x86_64 1.0 ERROR
r-release-windows-ix86+x86_64 1.0 45.00 144.00 189.00 OK
r-oldrel-macos-x86_64 1.0 ERROR
r-oldrel-windows-ix86+x86_64 1.0 33.00 136.00 169.00 OK

Check Details

Version: 1.0
Check: for non-standard things in the check directory
Result: NOTE
    Found the following files/directories:
     'untitled_consensus_cluster'
Flavors: r-devel-linux-x86_64-debian-clang, r-devel-linux-x86_64-debian-gcc, r-devel-linux-x86_64-fedora-clang, r-devel-linux-x86_64-fedora-gcc, r-patched-linux-x86_64, r-patched-solaris-x86, r-release-linux-x86_64

Version: 1.0
Check: package dependencies
Result: ERROR
    Packages required but not available: 'ALL', 'ConsensusClusterPlus'
    
    See section ‘The DESCRIPTION file’ in the ‘Writing R Extensions’
    manual.
Flavors: r-release-macos-x86_64, r-oldrel-macos-x86_64