CRAN Package Check Results for Package scModels

Last updated on 2021-10-24 16:54:17 CEST.

Flavor Version Tinstall Tcheck Ttotal Status Flags
r-devel-linux-x86_64-debian-clang 1.0.2 37.03 110.75 147.78 NOTE
r-devel-linux-x86_64-debian-gcc 1.0.2 25.30 87.79 113.09 NOTE
r-devel-linux-x86_64-fedora-clang 1.0.2 214.45 NOTE
r-devel-linux-x86_64-fedora-gcc 1.0.2 221.33 NOTE
r-devel-windows-x86_64 1.0.2 53.00 201.00 254.00 NOTE
r-devel-windows-x86_64-gcc10-UCRT 1.0.2 NOTE
r-patched-linux-x86_64 1.0.2 31.96 133.58 165.54 NOTE
r-patched-solaris-x86 1.0.2 366.90 NOTE
r-release-linux-x86_64 1.0.2 33.41 136.65 170.06 NOTE
r-release-macos-arm64 1.0.2 NOTE
r-release-macos-x86_64 1.0.2 NOTE
r-release-windows-ix86+x86_64 1.0.2 72.00 495.00 567.00 NOTE
r-oldrel-macos-x86_64 1.0.2 OK
r-oldrel-windows-ix86+x86_64 1.0.2 103.00 492.00 595.00 OK

Check Details

Version: 1.0.2
Check: LazyData
Result: NOTE
     'LazyData' is specified without a 'data' directory
Flavors: r-devel-linux-x86_64-debian-clang, r-devel-linux-x86_64-debian-gcc, r-devel-linux-x86_64-fedora-clang, r-devel-linux-x86_64-fedora-gcc, r-devel-windows-x86_64, r-devel-windows-x86_64-gcc10-UCRT, r-patched-linux-x86_64, r-patched-solaris-x86, r-release-linux-x86_64, r-release-macos-arm64, r-release-macos-x86_64, r-release-windows-ix86+x86_64