CRAN Package Check Results for Package scLink

Last updated on 2022-01-23 00:57:25 CET.

Flavor Version Tinstall Tcheck Ttotal Status Flags
r-devel-linux-x86_64-debian-clang 1.0.1 2.63 54.92 57.55 NOTE
r-devel-linux-x86_64-debian-gcc 1.0.1 2.13 43.47 45.60 NOTE
r-devel-linux-x86_64-fedora-clang 1.0.1 71.83 NOTE
r-devel-linux-x86_64-fedora-gcc 1.0.1 61.38 NOTE
r-devel-windows-x86_64-new-UL 1.0.1 22.00 89.00 111.00 NOTE
r-devel-windows-x86_64-new-TK 1.0.1 NOTE
r-patched-linux-x86_64 1.0.1 2.32 53.17 55.49 NOTE
r-release-linux-x86_64 1.0.1 2.25 53.22 55.47 NOTE
r-release-macos-arm64 1.0.1 NOTE
r-release-macos-x86_64 1.0.1 NOTE
r-release-windows-ix86+x86_64 1.0.1 8.00 68.00 76.00 NOTE
r-oldrel-macos-x86_64 1.0.1 OK
r-oldrel-windows-ix86+x86_64 1.0.1 6.00 66.00 72.00 OK

Check Details

Version: 1.0.1
Check: LazyData
Result: NOTE
     'LazyData' is specified without a 'data' directory
Flavors: r-devel-linux-x86_64-debian-clang, r-devel-linux-x86_64-debian-gcc, r-devel-linux-x86_64-fedora-clang, r-devel-linux-x86_64-fedora-gcc, r-devel-windows-x86_64-new-UL, r-devel-windows-x86_64-new-TK, r-patched-linux-x86_64, r-release-linux-x86_64, r-release-macos-arm64, r-release-macos-x86_64, r-release-windows-ix86+x86_64