CRAN Package Check Results for Package scCAN

Last updated on 2022-01-25 12:55:47 CET.

Flavor Version Tinstall Tcheck Ttotal Status Flags
r-devel-linux-x86_64-debian-clang 1.0.1 35.76 114.43 150.19 OK
r-devel-linux-x86_64-debian-gcc 1.0.1 32.64 89.29 121.93 OK
r-devel-linux-x86_64-fedora-clang 1.0.1 184.96 NOTE
r-devel-linux-x86_64-fedora-gcc 1.0.1 181.37 NOTE
r-devel-windows-x86_64-new-UL 1.0.1 49.00 133.00 182.00 OK
r-devel-windows-x86_64-new-TK 1.0.1 NOTE
r-patched-linux-x86_64 1.0.1 36.74 105.68 142.42 OK
r-release-linux-x86_64 1.0.1 35.70 103.58 139.28 OK
r-release-macos-arm64 1.0.1 NOTE
r-release-macos-x86_64 1.0.1 NOTE
r-release-windows-ix86+x86_64 1.0.1 61.00 121.00 182.00 OK
r-oldrel-macos-x86_64 1.0.1 NOTE
r-oldrel-windows-ix86+x86_64 1.0.1 62.00 124.00 186.00 OK

Check Details

Version: 1.0.1
Check: dependencies in R code
Result: NOTE
    Namespace in Imports field not imported from: ‘markdown’
     All declared Imports should be used.
Flavors: r-devel-linux-x86_64-fedora-clang, r-devel-linux-x86_64-fedora-gcc, r-devel-windows-x86_64-new-TK, r-release-macos-arm64, r-release-macos-x86_64, r-oldrel-macos-x86_64

Version: 1.0.1
Check: installed package size
Result: NOTE
     installed size is 5.2Mb
     sub-directories of 1Mb or more:
     data 5.1Mb
Flavor: r-release-macos-arm64