CRAN Package Check Results for Package sbfc

Last updated on 2021-09-18 05:02:45 CEST.

Flavor Version Tinstall Tcheck Ttotal Status Flags
r-devel-linux-x86_64-debian-clang 1.0.2 52.19 84.66 136.85 OK
r-devel-linux-x86_64-debian-gcc 1.0.2 37.39 67.25 104.64 OK
r-devel-linux-x86_64-fedora-clang 1.0.2 185.09 OK
r-devel-linux-x86_64-fedora-gcc 1.0.2 168.43 OK
r-devel-windows-x86_64 1.0.2 47.00 124.00 171.00 OK
r-devel-windows-x86_64-gcc10-UCRT 1.0.2 OK
r-patched-linux-x86_64 1.0.2 44.68 84.11 128.79 OK
r-patched-solaris-x86 1.0.2 218.20 OK
r-release-linux-x86_64 1.0.2 44.58 83.15 127.73 OK
r-release-macos-arm64 1.0.2 NOTE
r-release-macos-x86_64 1.0.2 OK
r-release-windows-ix86+x86_64 1.0.2 107.00 128.00 235.00 OK
r-oldrel-macos-x86_64 1.0.2 OK
r-oldrel-windows-ix86+x86_64 1.0.2 110.00 133.00 243.00 OK

Check Details

Version: 1.0.2
Check: installed package size
Result: NOTE
     installed size is 5.8Mb
     sub-directories of 1Mb or more:
     data 2.0Mb
     libs 3.6Mb
Flavor: r-release-macos-arm64