CRAN Package Check Results for Package sas7bdat

Last updated on 2021-10-25 04:54:23 CEST.

Flavor Version Tinstall Tcheck Ttotal Status Flags
r-devel-linux-x86_64-debian-clang 0.5 2.73 29.84 32.57 NOTE
r-devel-linux-x86_64-debian-gcc 0.5 2.14 23.47 25.61 NOTE
r-devel-linux-x86_64-fedora-clang 0.5 52.90 NOTE
r-devel-linux-x86_64-fedora-gcc 0.5 42.06 NOTE
r-devel-windows-x86_64 0.5 4.00 43.00 47.00 NOTE
r-devel-windows-x86_64-gcc10-UCRT 0.5 NOTE
r-patched-linux-x86_64 0.5 2.73 29.63 32.36 NOTE
r-patched-solaris-x86 0.5 63.60 NOTE
r-release-linux-x86_64 0.5 2.66 29.33 31.99 NOTE
r-release-macos-arm64 0.5 NOTE
r-release-macos-x86_64 0.5 NOTE
r-release-windows-ix86+x86_64 0.5 5.00 40.00 45.00 NOTE
r-oldrel-macos-x86_64 0.5 NOTE
r-oldrel-windows-ix86+x86_64 0.5 4.00 37.00 41.00 NOTE

Check Details

Version: 0.5
Check: R code for possible problems
Result: NOTE
    download.sas7bdat.sources : <anonymous>: no visible global function
     definition for 'download.file'
    generate.sas7bdat.source: no visible global function definition for
     'download.file'
    Undefined global functions or variables:
     download.file
    Consider adding
     importFrom("utils", "download.file")
    to your NAMESPACE file.
Flavors: r-devel-linux-x86_64-debian-clang, r-devel-linux-x86_64-debian-gcc, r-devel-linux-x86_64-fedora-clang, r-devel-linux-x86_64-fedora-gcc, r-devel-windows-x86_64, r-devel-windows-x86_64-gcc10-UCRT, r-patched-linux-x86_64, r-patched-solaris-x86, r-release-linux-x86_64, r-release-macos-arm64, r-release-macos-x86_64, r-release-windows-ix86+x86_64, r-oldrel-macos-x86_64, r-oldrel-windows-ix86+x86_64