CRAN Package Check Results for Package sars

Last updated on 2022-01-27 12:54:03 CET.

Flavor Version Tinstall Tcheck Ttotal Status Flags
r-devel-linux-x86_64-debian-clang 1.3.5 38.28 628.85 667.13 OK
r-devel-linux-x86_64-debian-gcc 1.3.5 33.13 450.09 483.22 OK
r-devel-linux-x86_64-fedora-clang 1.3.5 756.75 OK
r-devel-linux-x86_64-fedora-gcc 1.3.5 785.38 OK
r-devel-windows-x86_64-new-UL 1.3.5 73.00 596.00 669.00 OK
r-devel-windows-x86_64-new-TK 1.3.5 ERROR
r-patched-linux-x86_64 1.3.5 37.82 586.56 624.38 OK
r-release-linux-x86_64 1.3.5 32.61 574.68 607.29 OK
r-release-macos-arm64 1.3.5 OK
r-release-macos-x86_64 1.3.5 OK
r-release-windows-ix86+x86_64 1.3.5 81.00 667.00 748.00 OK
r-oldrel-macos-x86_64 1.3.5 OK
r-oldrel-windows-ix86+x86_64 1.3.5 82.00 692.00 774.00 OK

Check Details

Version: 1.3.5
Check: package dependencies
Result: ERROR
    Package required but not available: 'AICcmodavg'
    
    See section 'The DESCRIPTION file' in the 'Writing R Extensions'
    manual.
Flavor: r-devel-windows-x86_64-new-TK