CRAN Package Check Results for Package sanzo

Last updated on 2021-07-29 07:49:47 CEST.

Flavor Version Tinstall Tcheck Ttotal Status Flags
r-devel-linux-x86_64-debian-clang 0.1.0 NOTE
r-devel-linux-x86_64-debian-gcc 0.1.0 2.04 20.93 22.97 NOTE
r-devel-linux-x86_64-fedora-clang 0.1.0 44.57 NOTE
r-devel-linux-x86_64-fedora-gcc 0.1.0 34.68 NOTE
r-devel-windows-x86_64 0.1.0 4.00 42.00 46.00 NOTE
r-devel-windows-x86_64-gcc10-UCRT 0.1.0 NOTE
r-patched-linux-x86_64 0.1.0 2.69 25.14 27.83 NOTE
r-patched-solaris-x86 0.1.0 51.10 NOTE
r-release-linux-x86_64 0.1.0 2.78 25.29 28.07 NOTE
r-release-macos-arm64 0.1.0 NOTE
r-release-macos-x86_64 0.1.0 NOTE
r-release-windows-ix86+x86_64 0.1.0 6.00 41.00 47.00 NOTE
r-oldrel-macos-x86_64 0.1.0 OK
r-oldrel-windows-ix86+x86_64 0.1.0 6.00 42.00 48.00 OK

Check Details

Version: 0.1.0
Check: LazyData
Result: NOTE
     'LazyData' is specified without a 'data' directory
Flavors: r-devel-linux-x86_64-debian-clang, r-devel-linux-x86_64-debian-gcc, r-devel-linux-x86_64-fedora-clang, r-devel-linux-x86_64-fedora-gcc, r-devel-windows-x86_64, r-devel-windows-x86_64-gcc10-UCRT, r-patched-linux-x86_64, r-patched-solaris-x86, r-release-linux-x86_64, r-release-macos-arm64, r-release-macos-x86_64, r-release-windows-ix86+x86_64