Last updated on 2023-03-30 05:49:22 CEST.
Flavor | Version | Tinstall | Tcheck | Ttotal | Status | Flags |
---|---|---|---|---|---|---|
r-devel-linux-x86_64-debian-clang | 1.0.0 | 8.64 | 36.73 | 45.37 | OK | |
r-devel-linux-x86_64-debian-gcc | 1.0.0 | 8.89 | 29.53 | 38.42 | OK | |
r-devel-linux-x86_64-fedora-clang | 1.0.0 | 58.29 | OK | |||
r-devel-linux-x86_64-fedora-gcc | 1.0.0 | 55.72 | OK | |||
r-patched-linux-x86_64 | 1.0.0 | 10.01 | 37.08 | 47.09 | OK | |
r-release-linux-x86_64 | 1.0.0 | 6.82 | 38.27 | 45.09 | OK | |
r-release-macos-arm64 | 1.0.0 | 25.00 | OK | |||
r-release-macos-x86_64 | 1.0.0 | 34.00 | OK | |||
r-release-windows-x86_64 | 1.0.0 | 23.00 | 75.00 | 98.00 | OK | |
r-oldrel-macos-arm64 | 1.0.0 | 29.00 | OK | |||
r-oldrel-macos-x86_64 | 1.0.0 | 38.00 | OK | |||
r-oldrel-windows-ix86+x86_64 | 1.0.0 | 17.00 | 63.00 | 80.00 | NOTE |
Version: 1.0.0
Check: dependencies in R code
Result: NOTE
Initiating curl with CURL_SSL_BACKEND: openssl
Flavor: r-oldrel-windows-ix86+x86_64