CRAN Package Check Results for Package salty

Last updated on 2021-07-26 19:49:36 CEST.

Flavor Version Tinstall Tcheck Ttotal Status Flags
r-devel-linux-x86_64-debian-clang 0.1.0 2.45 42.59 45.04 NOTE
r-devel-linux-x86_64-debian-gcc 0.1.0 1.96 31.60 33.56 NOTE
r-devel-linux-x86_64-fedora-clang 0.1.0 61.71 NOTE
r-devel-linux-x86_64-fedora-gcc 0.1.0 50.97 NOTE
r-devel-windows-x86_64 0.1.0 5.00 63.00 68.00 NOTE
r-devel-windows-x86_64-gcc10-UCRT 0.1.0 NOTE
r-patched-linux-x86_64 0.1.0 2.77 40.12 42.89 NOTE
r-patched-solaris-x86 0.1.0 72.20 NOTE
r-release-linux-x86_64 0.1.0 2.28 41.61 43.89 NOTE
r-release-macos-arm64 0.1.0 NOTE
r-release-macos-x86_64 0.1.0 NOTE
r-release-windows-ix86+x86_64 0.1.0 5.00 43.00 48.00 NOTE
r-oldrel-macos-x86_64 0.1.0 OK
r-oldrel-windows-ix86+x86_64 0.1.0 5.00 67.00 72.00 OK

Check Details

Version: 0.1.0
Check: LazyData
Result: NOTE
     'LazyData' is specified without a 'data' directory
Flavors: r-devel-linux-x86_64-debian-clang, r-devel-linux-x86_64-debian-gcc, r-devel-linux-x86_64-fedora-clang, r-devel-linux-x86_64-fedora-gcc, r-devel-windows-x86_64, r-devel-windows-x86_64-gcc10-UCRT, r-patched-linux-x86_64, r-patched-solaris-x86, r-release-linux-x86_64, r-release-macos-arm64, r-release-macos-x86_64, r-release-windows-ix86+x86_64