CRAN Package Check Results for Package safetyData

Last updated on 2022-01-28 00:49:07 CET.

Flavor Version Tinstall Tcheck Ttotal Status Flags
r-devel-linux-x86_64-debian-clang 1.0.0 18.56 56.61 75.17 OK
r-devel-linux-x86_64-debian-gcc 1.0.0 18.97 48.20 67.17 OK
r-devel-linux-x86_64-fedora-clang 1.0.0 100.57 NOTE
r-devel-linux-x86_64-fedora-gcc 1.0.0 92.94 NOTE
r-devel-windows-x86_64-new-UL 1.0.0 88.00 88.00 176.00 OK
r-devel-windows-x86_64-new-TK 1.0.0 NOTE
r-patched-linux-x86_64 1.0.0 21.00 56.86 77.86 OK
r-release-linux-x86_64 1.0.0 20.58 55.81 76.39 OK
r-release-macos-arm64 1.0.0 NOTE
r-release-macos-x86_64 1.0.0 NOTE
r-release-windows-ix86+x86_64 1.0.0 43.00 54.00 97.00 OK
r-oldrel-macos-x86_64 1.0.0 NOTE
r-oldrel-windows-ix86+x86_64 1.0.0 44.00 74.00 118.00 OK

Check Details

Version: 1.0.0
Check: data for non-ASCII characters
Result: NOTE
     Note: found 3 marked Latin-1 strings
Flavors: r-devel-linux-x86_64-fedora-clang, r-devel-linux-x86_64-fedora-gcc, r-devel-windows-x86_64-new-TK, r-release-macos-arm64, r-release-macos-x86_64, r-oldrel-macos-x86_64