CRAN Package Check Results for Package safer

Last updated on 2022-10-02 11:54:25 CEST.

Flavor Version Tinstall Tcheck Ttotal Status Flags
r-devel-linux-x86_64-debian-clang 0.2.1 2.29 23.35 25.64 NOTE
r-devel-linux-x86_64-debian-gcc 0.2.1 2.03 18.35 20.38 NOTE
r-devel-linux-x86_64-fedora-clang 0.2.1 44.31 NOTE
r-devel-linux-x86_64-fedora-gcc 0.2.1 41.77 NOTE
r-devel-windows-x86_64 0.2.1 11.00 53.00 64.00 NOTE
r-patched-linux-x86_64 0.2.1 2.02 22.52 24.54 NOTE
r-release-linux-x86_64 0.2.1 2.06 22.21 24.27 NOTE
r-release-macos-arm64 0.2.1 15.00 NOTE
r-release-macos-x86_64 0.2.1 22.00 NOTE
r-release-windows-x86_64 0.2.1 8.00 47.00 55.00 NOTE
r-oldrel-macos-arm64 0.2.1 18.00 NOTE
r-oldrel-macos-x86_64 0.2.1 21.00 NOTE
r-oldrel-windows-ix86+x86_64 0.2.1 6.00 46.00 52.00 NOTE

Check Details

Version: 0.2.1
Check: package subdirectories
Result: NOTE
    Problems with news in 'NEWS.md':
    No news entries found.
Flavors: r-devel-linux-x86_64-debian-clang, r-devel-linux-x86_64-debian-gcc, r-devel-linux-x86_64-fedora-clang, r-devel-linux-x86_64-fedora-gcc, r-devel-windows-x86_64

Version: 0.2.1
Check: LazyData
Result: NOTE
     'LazyData' is specified without a 'data' directory
Flavors: r-devel-linux-x86_64-debian-clang, r-devel-linux-x86_64-debian-gcc, r-devel-linux-x86_64-fedora-clang, r-devel-linux-x86_64-fedora-gcc, r-devel-windows-x86_64, r-patched-linux-x86_64, r-release-linux-x86_64, r-release-macos-arm64, r-release-macos-x86_64, r-release-windows-x86_64, r-oldrel-macos-arm64, r-oldrel-macos-x86_64, r-oldrel-windows-ix86+x86_64