CRAN Package Check Results for Package sRDA

Last updated on 2022-08-12 09:52:15 CEST.

Flavor Version Tinstall Tcheck Ttotal Status Flags
r-devel-linux-x86_64-debian-clang 1.0.0 6.42 68.52 74.94 NOTE
r-devel-linux-x86_64-debian-gcc 1.0.0 6.75 52.51 59.26 NOTE
r-devel-linux-x86_64-fedora-clang 1.0.0 101.75 NOTE
r-devel-linux-x86_64-fedora-gcc 1.0.0 101.79 NOTE
r-devel-windows-x86_64 1.0.0 10.00 96.00 106.00 NOTE
r-patched-linux-x86_64 1.0.0 7.91 66.41 74.32 NOTE
r-release-linux-x86_64 1.0.0 6.24 66.43 72.67 NOTE
r-release-macos-arm64 1.0.0 31.00 NOTE
r-release-macos-x86_64 1.0.0 42.00 NOTE
r-release-windows-x86_64 1.0.0 11.00 95.00 106.00 NOTE
r-oldrel-macos-arm64 1.0.0 37.00 NOTE
r-oldrel-macos-x86_64 1.0.0 60.00 NOTE
r-oldrel-windows-ix86+x86_64 1.0.0 18.00 86.00 104.00 NOTE

Check Details

Version: 1.0.0
Check: LazyData
Result: NOTE
     'LazyData' is specified without a 'data' directory
Flavors: r-devel-linux-x86_64-debian-clang, r-devel-linux-x86_64-debian-gcc, r-devel-linux-x86_64-fedora-clang, r-devel-linux-x86_64-fedora-gcc, r-devel-windows-x86_64, r-patched-linux-x86_64, r-release-linux-x86_64, r-release-macos-arm64, r-release-macos-x86_64, r-release-windows-x86_64, r-oldrel-macos-arm64, r-oldrel-macos-x86_64, r-oldrel-windows-ix86+x86_64