CRAN Package Check Results for Package rym

Last updated on 2022-01-25 00:50:01 CET.

Flavor Version Tinstall Tcheck Ttotal Status Flags
r-devel-linux-x86_64-debian-clang 1.0.5 3.29 47.25 50.54 OK
r-devel-linux-x86_64-debian-gcc 1.0.5 2.79 37.20 39.99 OK
r-devel-linux-x86_64-fedora-clang 1.0.5 63.68 OK
r-devel-linux-x86_64-fedora-gcc 1.0.5 51.70 OK
r-devel-windows-x86_64-new-UL 1.0.5 46.00 102.00 148.00 OK
r-devel-windows-x86_64-new-TK 1.0.5 OK
r-patched-linux-x86_64 1.0.5 3.44 48.74 52.18 OK
r-release-linux-x86_64 1.0.5 3.63 48.44 52.07 OK
r-release-macos-arm64 1.0.5 OK
r-release-macos-x86_64 1.0.5 OK
r-release-windows-ix86+x86_64 1.0.5 9.00 60.00 69.00 OK
r-oldrel-macos-x86_64 1.0.5 OK
r-oldrel-windows-ix86+x86_64 1.0.5 8.00 62.00 70.00 WARN

Check Details

Version: 1.0.5
Check: re-building of vignette outputs
Result: WARN
    Error(s) in re-building vignettes:
    --- re-building 'intro-to-rym.Rmd' using rmarkdown
    pandoc.exe: Could not determine mime type for `http://www.rdocumentation.org/badges/version/rym'
    CallStack (from HasCallStack):
     error, called at src\Text\Pandoc\SelfContained.hs:156:35 in pandoc-1.19.2.1-3EiBhxep0x773HKxrkonLI:Text.Pandoc.SelfContained
    Error: processing vignette 'intro-to-rym.Rmd' failed with diagnostics:
    pandoc document conversion failed with error 1
    --- failed re-building 'intro-to-rym.Rmd'
    
    --- re-building 'rym-calls.Rmd' using rmarkdown
    --- finished re-building 'rym-calls.Rmd'
    
    --- re-building 'rym-ga-api.Rmd' using rmarkdown
    --- finished re-building 'rym-ga-api.Rmd'
    
    --- re-building 'rym-load-expense.Rmd' using rmarkdown
    --- finished re-building 'rym-load-expense.Rmd'
    
    --- re-building 'rym-load-offline-conversion.Rmd' using rmarkdown
    --- finished re-building 'rym-load-offline-conversion.Rmd'
    
    --- re-building 'rym-logs-api.Rmd' using rmarkdown
    --- finished re-building 'rym-logs-api.Rmd'
    
    --- re-building 'rym-management-api.Rmd' using rmarkdown
    --- finished re-building 'rym-management-api.Rmd'
    
    --- re-building 'rym-reporting-api.Rmd' using rmarkdown
    --- finished re-building 'rym-reporting-api.Rmd'
    
    SUMMARY: processing the following file failed:
     'intro-to-rym.Rmd'
    
    Error: Vignette re-building failed.
    Execution halted
Flavor: r-oldrel-windows-ix86+x86_64