CRAN Package Check Results for Package ryandexdirect

Last updated on 2022-01-23 12:59:53 CET.

Flavor Version Tinstall Tcheck Ttotal Status Flags
r-devel-linux-x86_64-debian-clang 3.6.0 8.91 80.12 89.03 OK
r-devel-linux-x86_64-debian-gcc 3.6.0 7.41 65.16 72.57 OK
r-devel-linux-x86_64-fedora-clang 3.6.0 107.28 NOTE
r-devel-linux-x86_64-fedora-gcc 3.6.0 91.62 OK
r-devel-windows-x86_64-new-UL 3.6.0 182.00 116.00 298.00 OK
r-devel-windows-x86_64-new-TK 3.6.0 OK
r-patched-linux-x86_64 3.6.0 10.35 75.75 86.10 OK
r-release-linux-x86_64 3.6.0 7.35 74.54 81.89 OK
r-release-macos-arm64 3.6.0 OK
r-release-macos-x86_64 3.6.0 OK
r-release-windows-ix86+x86_64 3.6.0 19.00 94.00 113.00 OK
r-oldrel-macos-x86_64 3.6.0 OK
r-oldrel-windows-ix86+x86_64 3.6.0 19.00 96.00 115.00 OK

Check Details

Version: 3.6.0
Check: Rd cross-references
Result: NOTE
    Undeclared package ‘rym’ in Rd xrefs
Flavor: r-devel-linux-x86_64-fedora-clang