Last updated on 2023-03-31 05:54:35 CEST.
Flavor | Version | Tinstall | Tcheck | Ttotal | Status | Flags |
---|---|---|---|---|---|---|
r-devel-linux-x86_64-debian-clang | 2.0.15 | 206.76 | 47.62 | 254.38 | OK | |
r-devel-linux-x86_64-debian-gcc | 2.0.16 | 212.23 | 36.63 | 248.86 | OK | |
r-devel-linux-x86_64-fedora-clang | 2.0.16 | 337.43 | OK | |||
r-devel-linux-x86_64-fedora-gcc | 2.0.16 | 441.88 | OK | |||
r-patched-linux-x86_64 | 2.0.15 | 233.61 | 48.44 | 282.05 | OK | |
r-release-linux-x86_64 | 2.0.16 | 226.48 | 46.02 | 272.50 | OK | |
r-release-macos-arm64 | 2.0.15 | 121.00 | NOTE | |||
r-release-macos-x86_64 | 2.0.16 | 373.00 | NOTE | |||
r-release-windows-x86_64 | 2.0.16 | 239.00 | 116.00 | 355.00 | OK | |
r-oldrel-macos-arm64 | 2.0.15 | 111.00 | NOTE | |||
r-oldrel-macos-x86_64 | 2.0.16 | 368.00 | NOTE | |||
r-oldrel-windows-ix86+x86_64 | 2.0.16 | 168.00 | 20.00 | 188.00 | ERROR |
Version: 2.0.15
Check: installed package size
Result: NOTE
installed size is 36.6Mb
sub-directories of 1Mb or more:
libs 36.3Mb
Flavors: r-release-macos-arm64, r-oldrel-macos-arm64
Version: 2.0.16
Check: installed package size
Result: NOTE
installed size is 45.8Mb
sub-directories of 1Mb or more:
libs 45.5Mb
Flavors: r-release-macos-x86_64, r-oldrel-macos-x86_64
Version: 2.0.16
Check: whether package can be installed
Result: ERROR
Installation failed.
Flavor: r-oldrel-windows-ix86+x86_64