CRAN Package Check Results for Package rwhatsapp

Last updated on 2022-01-27 12:54:02 CET.

Flavor Version Tinstall Tcheck Ttotal Status Flags
r-devel-linux-x86_64-debian-clang 0.2.4 3.80 46.83 50.63 OK
r-devel-linux-x86_64-debian-gcc 0.2.4 3.25 36.53 39.78 OK
r-devel-linux-x86_64-fedora-clang 0.2.4 60.98 NOTE
r-devel-linux-x86_64-fedora-gcc 0.2.4 49.26 NOTE
r-devel-windows-x86_64-new-UL 0.2.4 48.00 75.00 123.00 OK
r-devel-windows-x86_64-new-TK 0.2.4 NOTE
r-patched-linux-x86_64 0.2.4 2.45 44.65 47.10 OK
r-release-linux-x86_64 0.2.4 3.73 44.67 48.40 OK
r-release-macos-arm64 0.2.4 NOTE
r-release-macos-x86_64 0.2.4 NOTE
r-release-windows-ix86+x86_64 0.2.4 13.00 58.00 71.00 OK
r-oldrel-macos-x86_64 0.2.4 NOTE
r-oldrel-windows-ix86+x86_64 0.2.4 8.00 64.00 72.00 OK

Check Details

Version: 0.2.4
Check: data for non-ASCII characters
Result: NOTE
     Note: found 4250 marked UTF-8 strings
Flavors: r-devel-linux-x86_64-fedora-clang, r-devel-linux-x86_64-fedora-gcc, r-devel-windows-x86_64-new-TK, r-release-macos-arm64, r-release-macos-x86_64, r-oldrel-macos-x86_64