CRAN Package Check Results for Package rvinecopulib

Last updated on 2021-12-01 23:51:50 CET.

Flavor Version Tinstall Tcheck Ttotal Status Flags
r-devel-linux-x86_64-debian-clang 0.6.1.1.1 140.22 73.36 213.58 OK
r-devel-linux-x86_64-debian-gcc 0.6.1.1.1 117.71 58.32 176.03 OK
r-devel-linux-x86_64-fedora-clang 0.6.1.1.1 316.21 NOTE
r-devel-linux-x86_64-fedora-gcc 0.6.1.1.1 312.17 OK
r-devel-windows-x86_64-new-UL 0.6.1.1.1 168.00 187.00 355.00 NOTE
r-devel-windows-x86_64-new-TK 0.6.1.1.1 OK
r-devel-windows-x86_64-old 0.6.1.1.1 170.00 120.00 290.00 NOTE
r-patched-linux-x86_64 0.6.1.1.1 135.20 71.49 206.69 OK
r-patched-solaris-x86 0.6.1.1.1 293.20 NOTE
r-release-linux-x86_64 0.6.1.1.1 141.15 72.16 213.31 OK
r-release-macos-arm64 0.6.1.1.1 NOTE
r-release-macos-x86_64 0.6.1.1.1 NOTE
r-release-windows-ix86+x86_64 0.6.1.1.1 315.00 178.00 493.00 NOTE
r-oldrel-macos-x86_64 0.6.1.1.1 NOTE
r-oldrel-windows-ix86+x86_64 0.6.1.1.1 315.00 168.00 483.00 NOTE

Check Details

Version: 0.6.1.1.1
Check: installed package size
Result: NOTE
     installed size is 54.0Mb
     sub-directories of 1Mb or more:
     include 5.0Mb
     libs 48.6Mb
Flavors: r-devel-linux-x86_64-fedora-clang, r-devel-windows-x86_64-new-UL, r-devel-windows-x86_64-old, r-patched-solaris-x86, r-release-macos-arm64, r-release-macos-x86_64, r-release-windows-ix86+x86_64, r-oldrel-macos-x86_64, r-oldrel-windows-ix86+x86_64

Version: 0.6.1.1.1
Check: Rd cross-references
Result: NOTE
    Undeclared package ‘wdm’ in Rd xrefs
Flavor: r-devel-linux-x86_64-fedora-clang