CRAN Package Check Results for Package rvinecopulib

Last updated on 2022-05-22 02:49:13 CEST.

Flavor Version Tinstall Tcheck Ttotal Status Flags
r-devel-linux-x86_64-debian-clang 0.6.1.1.3 157.63 85.40 243.03 OK
r-devel-linux-x86_64-debian-gcc 0.6.1.1.3 136.66 65.39 202.05 OK
r-devel-linux-x86_64-fedora-clang 0.6.1.1.3 352.24 NOTE
r-devel-linux-x86_64-fedora-gcc 0.6.1.1.3 329.18 OK
r-devel-windows-x86_64 0.6.1.1.3 276.00 138.00 414.00 NOTE
r-patched-linux-x86_64 0.6.1.1.3 147.74 86.69 234.43 OK
r-release-linux-x86_64 0.6.1.1.3 135.78 85.59 221.37 OK
r-release-macos-arm64 0.6.1.1.3 89.00 NOTE
r-release-macos-x86_64 0.6.1.1.3 111.00 NOTE
r-release-windows-x86_64 0.6.1.1.3 294.00 141.00 435.00 NOTE
r-oldrel-macos-arm64 0.6.1.1.3 78.00 NOTE
r-oldrel-macos-x86_64 0.6.1.1.3 107.00 NOTE
r-oldrel-windows-ix86+x86_64 0.6.1.1.3 332.00 170.00 502.00 NOTE

Check Details

Version: 0.6.1.1.3
Check: installed package size
Result: NOTE
     installed size is 52.5Mb
     sub-directories of 1Mb or more:
     include 5.0Mb
     libs 47.1Mb
Flavors: r-devel-linux-x86_64-fedora-clang, r-devel-windows-x86_64, r-release-macos-arm64, r-release-macos-x86_64, r-release-windows-x86_64, r-oldrel-macos-arm64, r-oldrel-macos-x86_64, r-oldrel-windows-ix86+x86_64

Version: 0.6.1.1.3
Check: Rd cross-references
Result: NOTE
    Undeclared package ‘wdm’ in Rd xrefs
Flavor: r-devel-linux-x86_64-fedora-clang