CRAN Package Check Results for Package rutifier

Last updated on 2023-02-04 17:52:42 CET.

Flavor Version Tinstall Tcheck Ttotal Status Flags
r-devel-linux-x86_64-debian-clang 1.0.4 1.39 21.50 22.89 NOTE
r-devel-linux-x86_64-debian-gcc 1.0.4 1.18 17.38 18.56 NOTE
r-devel-linux-x86_64-fedora-clang 1.0.4 32.04 NOTE
r-devel-linux-x86_64-fedora-gcc 1.0.4 29.49 NOTE
r-devel-windows-x86_64 1.0.4 8.00 48.00 56.00 NOTE
r-patched-linux-x86_64 1.0.4 2.15 21.68 23.83 NOTE
r-release-linux-x86_64 1.0.4 1.88 22.75 24.63 NOTE
r-release-macos-arm64 1.0.4 16.00 NOTE
r-release-macos-x86_64 1.0.4 24.00 NOTE
r-release-windows-x86_64 1.0.4 13.00 48.00 61.00 NOTE
r-oldrel-macos-arm64 1.0.4 17.00 NOTE
r-oldrel-macos-x86_64 1.0.4 26.00 NOTE
r-oldrel-windows-ix86+x86_64 1.0.4 5.00 47.00 52.00 NOTE

Check Details

Version: 1.0.4
Check: LazyData
Result: NOTE
     'LazyData' is specified without a 'data' directory
Flavors: r-devel-linux-x86_64-debian-clang, r-devel-linux-x86_64-debian-gcc, r-devel-linux-x86_64-fedora-clang, r-devel-linux-x86_64-fedora-gcc, r-devel-windows-x86_64, r-patched-linux-x86_64, r-release-linux-x86_64, r-release-macos-arm64, r-release-macos-x86_64, r-release-windows-x86_64, r-oldrel-macos-arm64, r-oldrel-macos-x86_64, r-oldrel-windows-ix86+x86_64