CRAN Package Check Results for Package ruta

Last updated on 2022-01-24 12:52:23 CET.

Flavor Version Tinstall Tcheck Ttotal Status Flags
r-devel-linux-x86_64-debian-clang 1.1.0 4.98 52.66 57.64 NOTE
r-devel-linux-x86_64-debian-gcc 1.1.0 4.66 41.08 45.74 NOTE
r-devel-linux-x86_64-fedora-clang 1.1.0 72.41 NOTE
r-devel-linux-x86_64-fedora-gcc 1.1.0 62.07 NOTE
r-devel-windows-x86_64-new-UL 1.1.0 68.00 95.00 163.00 NOTE
r-devel-windows-x86_64-new-TK 1.1.0 NOTE
r-patched-linux-x86_64 1.1.0 6.35 51.83 58.18 NOTE
r-release-linux-x86_64 1.1.0 4.64 50.82 55.46 NOTE
r-release-macos-arm64 1.1.0 NOTE
r-release-macos-x86_64 1.1.0 NOTE
r-release-windows-ix86+x86_64 1.1.0 11.00 64.00 75.00 NOTE
r-oldrel-macos-x86_64 1.1.0 OK
r-oldrel-windows-ix86+x86_64 1.1.0 12.00 64.00 76.00 OK

Check Details

Version: 1.1.0
Check: LazyData
Result: NOTE
     'LazyData' is specified without a 'data' directory
Flavors: r-devel-linux-x86_64-debian-clang, r-devel-linux-x86_64-debian-gcc, r-devel-linux-x86_64-fedora-clang, r-devel-linux-x86_64-fedora-gcc, r-devel-windows-x86_64-new-UL, r-devel-windows-x86_64-new-TK, r-patched-linux-x86_64, r-release-linux-x86_64, r-release-macos-arm64, r-release-macos-x86_64, r-release-windows-ix86+x86_64