CRAN Package Check Results for Package rust

Last updated on 2022-01-25 00:50:01 CET.

Flavor Version Tinstall Tcheck Ttotal Status Flags
r-devel-linux-x86_64-debian-clang 1.3.13 54.09 257.92 312.01 OK
r-devel-linux-x86_64-debian-gcc 1.3.13 39.50 176.69 216.19 OK
r-devel-linux-x86_64-fedora-clang 1.3.13 377.94 OK
r-devel-linux-x86_64-fedora-gcc 1.3.13 365.48 OK
r-devel-windows-x86_64-new-UL 1.3.13 79.00 277.00 356.00 OK
r-devel-windows-x86_64-new-TK 1.3.13 OK
r-patched-linux-x86_64 1.3.13 48.64 248.56 297.20 OK
r-release-linux-x86_64 1.3.13 46.41 245.64 292.05 OK
r-release-macos-arm64 1.3.13 NOTE
r-release-macos-x86_64 1.3.13 OK
r-release-windows-ix86+x86_64 1.3.13 129.00 331.00 460.00 OK
r-oldrel-macos-x86_64 1.3.13 OK
r-oldrel-windows-ix86+x86_64 1.3.13 129.00 330.00 459.00 OK

Check Details

Version: 1.3.13
Check: installed package size
Result: NOTE
     installed size is 5.7Mb
     sub-directories of 1Mb or more:
     libs 5.0Mb
Flavor: r-release-macos-arm64