CRAN Package Check Results for Package rusda

Last updated on 2021-07-25 07:50:16 CEST.

Flavor Version Tinstall Tcheck Ttotal Status Flags
r-devel-linux-x86_64-debian-clang 1.0.8 0.36 2.59 2.95 ERROR
r-devel-linux-x86_64-debian-gcc 1.0.8 5.71 44.63 50.34 OK
r-devel-linux-x86_64-fedora-clang 1.0.8 84.58 OK
r-devel-linux-x86_64-fedora-gcc 1.0.8 73.27 OK
r-devel-windows-x86_64 1.0.8 10.00 57.00 67.00 OK
r-devel-windows-x86_64-gcc10-UCRT 1.0.8 OK
r-patched-linux-x86_64 1.0.8 6.80 53.81 60.61 OK
r-patched-solaris-x86 1.0.8 114.60 OK
r-release-linux-x86_64 1.0.8 6.34 52.87 59.21 OK
r-release-macos-arm64 1.0.8 OK
r-release-macos-x86_64 1.0.8 OK
r-release-windows-ix86+x86_64 1.0.8 17.00 60.00 77.00 OK
r-oldrel-macos-x86_64 1.0.8 OK
r-oldrel-windows-ix86+x86_64 1.0.8 18.00 71.00 89.00 OK

Check Details

Version: 1.0.8
Check: package dependencies
Result: ERROR
    Package required but not available: 'taxize'
    
    See section 'The DESCRIPTION file' in the 'Writing R Extensions'
    manual.
Flavor: r-devel-linux-x86_64-debian-clang