CRAN Package Check Results for Package rtmpt

Last updated on 2021-10-16 04:57:42 CEST.

Flavor Version Tinstall Tcheck Ttotal Status Flags
r-devel-linux-x86_64-debian-clang 0.2-2 35.75 65.36 101.11 OK
r-devel-linux-x86_64-debian-gcc 0.2-2 23.73 47.72 71.45 OK
r-devel-linux-x86_64-fedora-clang 0.2-2 155.94 OK
r-devel-linux-x86_64-fedora-gcc 0.2-2 84.58 OK
r-devel-windows-x86_64 0.2-2 47.00 93.00 140.00 OK
r-devel-windows-x86_64-gcc10-UCRT 0.2-2 OK
r-patched-linux-x86_64 0.2-2 29.07 61.72 90.79 OK
r-patched-solaris-x86 0.2-2 159.50 OK
r-release-linux-x86_64 0.2-2 27.84 62.00 89.84 OK
r-release-macos-arm64 0.2-1 NOTE
r-release-macos-x86_64 0.2-2 NOTE
r-release-windows-ix86+x86_64 0.2-2 58.00 82.00 140.00 OK
r-oldrel-macos-x86_64 0.2-2 NOTE
r-oldrel-windows-ix86+x86_64 0.2-1 85.00 116.00 201.00 OK

Check Details

Version: 0.2-1
Check: installed package size
Result: NOTE
     installed size is 5.7Mb
     sub-directories of 1Mb or more:
     libs 4.3Mb
Flavor: r-release-macos-arm64

Version: 0.2-2
Check: installed package size
Result: NOTE
     installed size is 5.5Mb
     sub-directories of 1Mb or more:
     libs 4.2Mb
Flavors: r-release-macos-x86_64, r-oldrel-macos-x86_64