CRAN Package Check Results for Package rtmpt

Last updated on 2021-07-29 19:52:39 CEST.

Flavor Version Tinstall Tcheck Ttotal Status Flags
r-devel-linux-x86_64-debian-clang 0.2-1 OK
r-devel-linux-x86_64-debian-gcc 0.2-1 22.81 49.40 72.21 OK
r-devel-linux-x86_64-fedora-clang 0.2-1 148.66 OK
r-devel-linux-x86_64-fedora-gcc 0.2-1 119.75 OK
r-devel-windows-x86_64 0.2-1 35.00 96.00 131.00 OK
r-devel-windows-x86_64-gcc10-UCRT 0.2-1 OK
r-patched-linux-x86_64 0.2-1 29.98 62.58 92.56 OK
r-patched-solaris-x86 0.2-1 161.80 OK
r-release-linux-x86_64 0.2-1 28.40 63.03 91.43 OK
r-release-macos-arm64 0.2-1 NOTE
r-release-macos-x86_64 0.2-1 NOTE
r-release-windows-ix86+x86_64 0.2-1 79.00 113.00 192.00 OK
r-oldrel-macos-x86_64 0.2-1 NOTE
r-oldrel-windows-ix86+x86_64 0.2-1 64.00 112.00 176.00 OK

Check Details

Version: 0.2-1
Check: installed package size
Result: NOTE
     installed size is 5.7Mb
     sub-directories of 1Mb or more:
     libs 4.3Mb
Flavors: r-release-macos-arm64, r-release-macos-x86_64, r-oldrel-macos-x86_64