CRAN Package Check Results for Package rticulate

Last updated on 2021-07-30 07:50:28 CEST.

Flavor Version Tinstall Tcheck Ttotal Status Flags
r-devel-linux-x86_64-debian-clang 1.7.2 OK
r-devel-linux-x86_64-debian-gcc 1.7.2 4.64 62.01 66.65 OK
r-devel-linux-x86_64-fedora-clang 1.7.2 110.26 NOTE
r-devel-linux-x86_64-fedora-gcc 1.7.2 99.80 NOTE
r-devel-windows-x86_64 1.7.2 20.00 110.00 130.00 OK
r-devel-windows-x86_64-gcc10-UCRT 1.7.2 NOTE
r-patched-linux-x86_64 1.7.2 OK
r-patched-solaris-x86 1.7.2 152.90 NOTE
r-release-linux-x86_64 1.7.2 5.28 77.07 82.35 OK
r-release-macos-arm64 1.7.2 WARN
r-release-macos-x86_64 1.7.2 NOTE
r-release-windows-ix86+x86_64 1.7.2 14.00 108.00 122.00 OK
r-oldrel-macos-x86_64 1.7.2 NOTE
r-oldrel-windows-ix86+x86_64 1.7.2 18.00 100.00 118.00 OK

Check Details

Version: 1.7.2
Check: dependencies in R code
Result: NOTE
    Namespaces in Imports field not imported from:
     ‘stringr’ ‘tidyverse’
     All declared Imports should be used.
Flavors: r-devel-linux-x86_64-fedora-clang, r-devel-linux-x86_64-fedora-gcc, r-devel-windows-x86_64-gcc10-UCRT, r-patched-solaris-x86, r-release-macos-arm64, r-release-macos-x86_64, r-oldrel-macos-x86_64

Version: 1.7.2
Check: re-building of vignette outputs
Result: WARN
    Error(s) in re-building vignettes:
    --- re-building ‘overview.Rmd’ using rmarkdown
    Warning in engine$weave(file, quiet = quiet, encoding = enc) :
     Pandoc (>= 1.12.3) not available. Falling back to R Markdown v1.
    --- finished re-building ‘overview.Rmd’
    
    --- re-building ‘polar-gams.Rmd’ using rmarkdown
    Warning in engine$weave(file, quiet = quiet, encoding = enc) :
     Pandoc (>= 1.12.3) not available. Falling back to R Markdown v1.
    Quitting from lines 58-64 (polar-gams.Rmd)
    Error: processing vignette 'polar-gams.Rmd' failed with diagnostics:
    polygon edge not found
    --- failed re-building ‘polar-gams.Rmd’
    
    --- re-building ‘tongue-imaging.Rmd’ using rmarkdown
    Warning in engine$weave(file, quiet = quiet, encoding = enc) :
     Pandoc (>= 1.12.3) not available. Falling back to R Markdown v1.
    Quitting from lines 86-87 (tongue-imaging.Rmd)
    Error: processing vignette 'tongue-imaging.Rmd' failed with diagnostics:
    polygon edge not found
    --- failed re-building ‘tongue-imaging.Rmd’
    
    --- re-building ‘transform-coord.Rmd’ using rmarkdown
    Warning in engine$weave(file, quiet = quiet, encoding = enc) :
     Pandoc (>= 1.12.3) not available. Falling back to R Markdown v1.
    Quitting from lines 55-60 (transform-coord.Rmd)
    Error: processing vignette 'transform-coord.Rmd' failed with diagnostics:
    polygon edge not found
    --- failed re-building ‘transform-coord.Rmd’
    
    SUMMARY: processing the following files failed:
     ‘polar-gams.Rmd’ ‘tongue-imaging.Rmd’ ‘transform-coord.Rmd’
    
    Error: Vignette re-building failed.
    Execution halted
Flavor: r-release-macos-arm64