CRAN Package Check Results for Package rtf

Last updated on 2021-09-24 04:51:55 CEST.

Flavor Version Tinstall Tcheck Ttotal Status Flags
r-devel-linux-x86_64-debian-clang 0.4-14.1 3.67 48.10 51.77 NOTE
r-devel-linux-x86_64-debian-gcc 0.4-14.1 2.74 36.97 39.71 NOTE
r-devel-linux-x86_64-fedora-clang 0.4-14.1 70.03 NOTE
r-devel-linux-x86_64-fedora-gcc 0.4-14.1 59.54 NOTE
r-devel-windows-x86_64 0.4-14.1 4.00 55.00 59.00 OK
r-devel-windows-x86_64-gcc10-UCRT 0.4-14.1 OK
r-patched-linux-x86_64 0.4-14.1 3.32 45.81 49.13 NOTE
r-patched-solaris-x86 0.4-14.1 85.30 NOTE
r-release-linux-x86_64 0.4-14.1 3.43 45.53 48.96 NOTE
r-release-macos-arm64 0.4-14.1 OK
r-release-macos-x86_64 0.4-14.1 OK
r-release-windows-ix86+x86_64 0.4-14.1 6.00 52.00 58.00 OK
r-oldrel-macos-x86_64 0.4-14.1 OK
r-oldrel-windows-ix86+x86_64 0.4-14.1 22.00 50.00 72.00 OK

Check Details

Version: 0.4-14.1
Check: for non-standard things in the check directory
Result: NOTE
    Found the following files/directories:
     'test_addPageBreak.doc' 'test_addPlot.doc' 'test_addSessionInfo.doc'
     'test_addTable.doc'
Flavors: r-devel-linux-x86_64-debian-clang, r-devel-linux-x86_64-debian-gcc, r-devel-linux-x86_64-fedora-clang, r-devel-linux-x86_64-fedora-gcc, r-patched-linux-x86_64, r-patched-solaris-x86, r-release-linux-x86_64