CRAN Package Check Results for Package rtemps

Last updated on 2021-12-06 11:52:08 CET.

Flavor Version Tinstall Tcheck Ttotal Status Flags
r-devel-linux-x86_64-debian-clang 0.8.0 2.02 29.38 31.40 NOTE
r-devel-linux-x86_64-debian-gcc 0.8.0 1.79 23.68 25.47 NOTE
r-devel-linux-x86_64-fedora-clang 0.8.0 40.40 NOTE
r-devel-linux-x86_64-fedora-gcc 0.8.0 28.63 NOTE
r-devel-windows-x86_64-new-UL 0.8.0 8.00 62.00 70.00 NOTE
r-devel-windows-x86_64-new-TK 0.8.0 NOTE
r-devel-windows-x86_64-old 0.8.0 5.00 31.00 36.00 NOTE
r-patched-linux-x86_64 0.8.0 1.96 20.27 22.23 NOTE
r-release-linux-x86_64 0.8.0 1.95 28.19 30.14 NOTE
r-release-macos-arm64 0.8.0 NOTE
r-release-macos-x86_64 0.8.0 NOTE
r-release-windows-ix86+x86_64 0.8.0 6.00 43.00 49.00 NOTE
r-oldrel-macos-x86_64 0.8.0 OK
r-oldrel-windows-ix86+x86_64 0.8.0 6.00 39.00 45.00 OK

Check Details

Version: 0.8.0
Check: LazyData
Result: NOTE
     'LazyData' is specified without a 'data' directory
Flavors: r-devel-linux-x86_64-debian-clang, r-devel-linux-x86_64-debian-gcc, r-devel-linux-x86_64-fedora-clang, r-devel-linux-x86_64-fedora-gcc, r-devel-windows-x86_64-new-UL, r-devel-windows-x86_64-new-TK, r-devel-windows-x86_64-old, r-patched-linux-x86_64, r-release-linux-x86_64, r-release-macos-arm64, r-release-macos-x86_64, r-release-windows-ix86+x86_64