CRAN Package Check Results for Package rtdists

Last updated on 2021-09-23 04:56:44 CEST.

Flavor Version Tinstall Tcheck Ttotal Status Flags
r-devel-linux-x86_64-debian-clang 0.11-2 31.75 407.30 439.05 OK
r-devel-linux-x86_64-debian-gcc 0.11-2 19.33 281.25 300.58 OK
r-devel-linux-x86_64-fedora-clang 0.11-2 505.10 OK
r-devel-linux-x86_64-fedora-gcc 0.11-2 495.89 OK
r-devel-windows-x86_64 0.11-2 29.00 350.00 379.00 OK
r-devel-windows-x86_64-gcc10-UCRT 0.11-2 ERROR
r-patched-linux-x86_64 0.11-2 23.79 377.02 400.81 OK
r-patched-solaris-x86 0.11-2 474.70 OK
r-release-linux-x86_64 0.11-2 27.97 377.17 405.14 OK
r-release-macos-arm64 0.11-2 OK
r-release-macos-x86_64 0.11-2 OK
r-release-windows-ix86+x86_64 0.11-2 68.00 575.00 643.00 OK
r-oldrel-macos-x86_64 0.11-2 OK
r-oldrel-windows-ix86+x86_64 0.11-2 47.00 535.00 582.00 OK

Check Details

Version: 0.11-2
Check: package dependencies
Result: NOTE
    Package suggested but not available for checking: 'latticeExtra'
Flavor: r-devel-windows-x86_64-gcc10-UCRT

Version: 0.11-2
Check: whether package can be installed
Result: ERROR
    Installation failed.
Flavor: r-devel-windows-x86_64-gcc10-UCRT