CRAN Package Check Results for Package rt

Last updated on 2021-07-24 19:50:31 CEST.

Flavor Version Tinstall Tcheck Ttotal Status Flags
r-devel-linux-x86_64-debian-clang 1.1.0 2.93 33.18 36.11 OK
r-devel-linux-x86_64-debian-gcc 1.1.0 2.22 26.40 28.62 OK
r-devel-linux-x86_64-fedora-clang 1.1.0 51.24 OK
r-devel-linux-x86_64-fedora-gcc 1.1.0 42.34 OK
r-devel-windows-x86_64 1.1.0 4.00 40.00 44.00 OK
r-devel-windows-x86_64-gcc10-UCRT 1.1.0 OK
r-patched-linux-x86_64 1.1.0 3.29 31.44 34.73 OK
r-patched-solaris-x86 1.1.0 59.10 OK
r-release-linux-x86_64 1.1.0 2.76 32.16 34.92 OK
r-release-macos-arm64 1.0.1 NOTE
r-release-macos-x86_64 1.1.0 OK
r-release-windows-ix86+x86_64 1.1.0 6.00 37.00 43.00 OK
r-oldrel-macos-x86_64 1.1.0 OK
r-oldrel-windows-ix86+x86_64 1.1.0 7.00 49.00 56.00 OK

Check Details

Version: 1.0.1
Check: LazyData
Result: NOTE
     'LazyData' is specified without a 'data' directory
Flavor: r-release-macos-arm64