CRAN Package Check Results for Package rsurfer

Last updated on 2022-01-25 12:55:46 CET.

Flavor Version Tinstall Tcheck Ttotal Status Flags
r-devel-linux-x86_64-debian-clang 0.2 5.42 55.98 61.40 NOTE
r-devel-linux-x86_64-debian-gcc 0.2 4.52 42.75 47.27 NOTE
r-devel-linux-x86_64-fedora-clang 0.2 77.35 OK
r-devel-linux-x86_64-fedora-gcc 0.2 65.84 OK
r-devel-windows-x86_64-new-UL 0.2 80.00 85.00 165.00 NOTE
r-devel-windows-x86_64-new-TK 0.2 OK
r-patched-linux-x86_64 0.2 5.66 54.90 60.56 NOTE
r-release-linux-x86_64 0.2 4.89 53.83 58.72 NOTE
r-release-macos-arm64 0.2 OK
r-release-macos-x86_64 0.2 OK
r-release-windows-ix86+x86_64 0.2 11.00 66.00 77.00 NOTE
r-oldrel-macos-x86_64 0.2 OK
r-oldrel-windows-ix86+x86_64 0.2 10.00 66.00 76.00 NOTE

Check Details

Version: 0.2
Check: package vignettes
Result: NOTE
    Package vignette with placeholder title 'Vignette Title':
     'main-vignette.Rmd'
Flavors: r-devel-linux-x86_64-debian-clang, r-devel-linux-x86_64-debian-gcc, r-devel-windows-x86_64-new-UL, r-patched-linux-x86_64, r-release-linux-x86_64, r-release-windows-ix86+x86_64, r-oldrel-windows-ix86+x86_64