CRAN Package Check Results for Package rstanarm

Last updated on 2021-10-22 04:55:02 CEST.

Flavor Version Tinstall Tcheck Ttotal Status Flags
r-devel-linux-x86_64-debian-clang 2.21.1 1434.73 528.53 1963.26 NOTE
r-devel-linux-x86_64-debian-gcc 2.21.1 1026.50 433.07 1459.57 NOTE
r-devel-linux-x86_64-fedora-clang 2.21.1 2990.22 NOTE
r-devel-linux-x86_64-fedora-gcc 2.21.1 2872.52 NOTE
r-devel-windows-x86_64 2.21.1 1502.00 267.00 1769.00 NOTE --no-examples --no-tests --no-vignettes
r-devel-windows-x86_64-gcc10-UCRT 2.21.1 ERROR
r-patched-linux-x86_64 2.21.1 1256.04 587.36 1843.40 NOTE
r-patched-solaris-x86 2.21.1 2392.90 NOTE
r-release-linux-x86_64 2.21.1 1197.27 578.89 1776.16 NOTE
r-release-macos-arm64 2.21.1 NOTE
r-release-macos-x86_64 2.21.1 NOTE
r-release-windows-ix86+x86_64 2.21.1 2433.00 437.00 2870.00 NOTE --no-examples --no-tests --no-vignettes
r-oldrel-macos-x86_64 2.21.1 NOTE
r-oldrel-windows-ix86+x86_64 2.21.1 2644.00 438.00 3082.00 NOTE --no-examples --no-tests --no-vignettes

Check Details

Version: 2.21.1
Check: for GNU extensions in Makefiles
Result: NOTE
    GNU make is a SystemRequirements.
Flavors: r-devel-linux-x86_64-debian-clang, r-devel-linux-x86_64-debian-gcc, r-devel-linux-x86_64-fedora-clang, r-devel-linux-x86_64-fedora-gcc, r-patched-linux-x86_64, r-patched-solaris-x86, r-release-linux-x86_64, r-release-macos-arm64, r-release-macos-x86_64, r-oldrel-macos-x86_64

Version: 2.21.1
Check: installed package size
Result: NOTE
     installed size is 194.7Mb
     sub-directories of 1Mb or more:
     R 1.6Mb
     doc 4.5Mb
     libs 188.0Mb
Flavors: r-devel-linux-x86_64-fedora-clang, r-patched-solaris-x86, r-release-macos-arm64, r-release-macos-x86_64, r-oldrel-macos-x86_64

Version: 2.21.1
Check: dependencies in R code
Result: NOTE
    Namespace in Imports field not imported from: ‘RcppParallel’
     All declared Imports should be used.
Flavors: r-devel-linux-x86_64-fedora-clang, r-devel-linux-x86_64-fedora-gcc, r-patched-solaris-x86, r-release-macos-arm64, r-release-macos-x86_64, r-oldrel-macos-x86_64

Version: 2.21.1
Check: Rd cross-references
Result: NOTE
    Undeclared packages ‘gamm4’, ‘shiny’, ‘biglm’ in Rd xrefs
Flavor: r-devel-linux-x86_64-fedora-clang

Version: 2.21.1
Flags: --no-examples --no-tests --no-vignettes
Check: installed package size
Result: NOTE
     installed size is 16.0Mb
     sub-directories of 1Mb or more:
     R 1.6Mb
     doc 4.5Mb
     libs 9.3Mb
Flavors: r-devel-windows-x86_64, r-release-windows-ix86+x86_64, r-oldrel-windows-ix86+x86_64

Version: 2.21.1
Flags: --no-examples --no-tests --no-vignettes
Check: for GNU extensions in Makefiles
Result: NOTE
    GNU make is a SystemRequirements.
Flavors: r-devel-windows-x86_64, r-release-windows-ix86+x86_64, r-oldrel-windows-ix86+x86_64

Version: 2.21.1
Check: package dependencies
Result: ERROR
    Package required but not available: 'shinystan'
    
    See section 'The DESCRIPTION file' in the 'Writing R Extensions'
    manual.
Flavor: r-devel-windows-x86_64-gcc10-UCRT