Last updated on 2022-05-17 01:50:59 CEST.
Flavor | Version | Tinstall | Tcheck | Ttotal | Status | Flags |
---|---|---|---|---|---|---|
r-devel-linux-x86_64-debian-clang | 2.21.5 | 733.92 | 386.20 | 1120.12 | NOTE | |
r-devel-linux-x86_64-debian-gcc | 2.21.5 | 1048.85 | 327.60 | 1376.45 | NOTE | |
r-devel-linux-x86_64-fedora-clang | 2.21.5 | 1647.83 | NOTE | |||
r-devel-linux-x86_64-fedora-gcc | 2.21.5 | 1860.90 | NOTE | |||
r-devel-windows-x86_64 | 2.21.5 | 867.00 | 542.00 | 1409.00 | NOTE | |
r-patched-linux-x86_64 | 2.21.5 | 823.87 | 393.34 | 1217.21 | NOTE | |
r-release-linux-x86_64 | 2.21.5 | 829.33 | 400.50 | 1229.83 | NOTE | |
r-release-macos-arm64 | 2.21.5 | 471.00 | NOTE | |||
r-release-macos-x86_64 | 2.21.5 | 550.00 | NOTE | |||
r-release-windows-x86_64 | 2.21.5 | 945.00 | 528.00 | 1473.00 | NOTE | |
r-oldrel-macos-arm64 | 2.21.5 | 352.00 | NOTE | |||
r-oldrel-macos-x86_64 | 2.21.5 | 557.00 | NOTE | |||
r-oldrel-windows-ix86+x86_64 | 2.21.5 | 1931.00 | 595.00 | 2526.00 | NOTE |
Version: 2.21.5
Check: for GNU extensions in Makefiles
Result: NOTE
GNU make is a SystemRequirements.
Flavors: r-devel-linux-x86_64-debian-clang, r-devel-linux-x86_64-debian-gcc, r-devel-linux-x86_64-fedora-clang, r-devel-linux-x86_64-fedora-gcc, r-devel-windows-x86_64, r-patched-linux-x86_64, r-release-linux-x86_64, r-release-macos-arm64, r-release-macos-x86_64, r-release-windows-x86_64, r-oldrel-macos-arm64, r-oldrel-macos-x86_64, r-oldrel-windows-ix86+x86_64
Version: 2.21.5
Check: installed package size
Result: NOTE
installed size is 170.8Mb
sub-directories of 1Mb or more:
lib 20.8Mb
libs 147.1Mb
Flavors: r-devel-linux-x86_64-fedora-clang, r-devel-windows-x86_64, r-release-macos-arm64, r-release-macos-x86_64, r-release-windows-x86_64, r-oldrel-macos-arm64, r-oldrel-macos-x86_64, r-oldrel-windows-ix86+x86_64
Version: 2.21.5
Check: Rd cross-references
Result: NOTE
Undeclared packages ‘coda’, ‘rstanarm’ in Rd xrefs
Flavor: r-devel-linux-x86_64-fedora-clang