CRAN Package Check Results for Package rsppfp

Last updated on 2021-08-01 19:51:44 CEST.

Flavor Version Tinstall Tcheck Ttotal Status Flags
r-devel-linux-x86_64-debian-clang 1.0.4 4.95 66.90 71.85 NOTE
r-devel-linux-x86_64-debian-gcc 1.0.4 4.23 49.92 54.15 NOTE
r-devel-linux-x86_64-fedora-clang 1.0.4 91.25 NOTE
r-devel-linux-x86_64-fedora-gcc 1.0.4 82.14 NOTE
r-devel-windows-x86_64 1.0.4 8.00 106.00 114.00 NOTE
r-devel-windows-x86_64-gcc10-UCRT 1.0.4 NOTE
r-patched-linux-x86_64 1.0.4 NOTE
r-patched-solaris-x86 1.0.4 145.20 NOTE
r-release-linux-x86_64 1.0.4 4.56 61.93 66.49 NOTE
r-release-macos-arm64 1.0.4 WARN
r-release-macos-x86_64 1.0.4 NOTE
r-release-windows-ix86+x86_64 1.0.4 12.00 100.00 112.00 NOTE
r-oldrel-macos-x86_64 1.0.4 OK
r-oldrel-windows-ix86+x86_64 1.0.4 26.00 105.00 131.00 OK

Check Details

Version: 1.0.4
Check: LazyData
Result: NOTE
     'LazyData' is specified without a 'data' directory
Flavors: r-devel-linux-x86_64-debian-clang, r-devel-linux-x86_64-debian-gcc, r-devel-linux-x86_64-fedora-clang, r-devel-linux-x86_64-fedora-gcc, r-devel-windows-x86_64, r-devel-windows-x86_64-gcc10-UCRT, r-patched-linux-x86_64, r-patched-solaris-x86, r-release-linux-x86_64, r-release-macos-arm64, r-release-macos-x86_64, r-release-windows-ix86+x86_64

Version: 1.0.4
Check: re-building of vignette outputs
Result: WARN
    Error(s) in re-building vignettes:
    --- re-building ‘benchmark.Rmd’ using rmarkdown
    Warning in engine$weave(file, quiet = quiet, encoding = enc) :
     Pandoc (>= 1.12.3) not available. Falling back to R Markdown v1.
    Quitting from lines 176-185 (benchmark.Rmd)
    Error: processing vignette 'benchmark.Rmd' failed with diagnostics:
    polygon edge not found
    --- failed re-building ‘benchmark.Rmd’
    
    --- re-building ‘igraph.Rmd’ using rmarkdown
    Warning in engine$weave(file, quiet = quiet, encoding = enc) :
     Pandoc (>= 1.12.3) not available. Falling back to R Markdown v1.
    Warning in doTryCatch(return(expr), name, parentenv, handler) :
     no font could be found for family "Arial"
    Warning in doTryCatch(return(expr), name, parentenv, handler) :
     no font could be found for family "Arial"
    Warning in doTryCatch(return(expr), name, parentenv, handler) :
     no font could be found for family "Arial"
    Warning in doTryCatch(return(expr), name, parentenv, handler) :
     font "Times-Roman" could not be found for family "serif"
    Warning in doTryCatch(return(expr), name, parentenv, handler) :
     font "Times-Roman" could not be found for family "serif"
    Warning in doTryCatch(return(expr), name, parentenv, handler) :
     font "Times-Roman" could not be found for family "serif"
    Warning in doTryCatch(return(expr), name, parentenv, handler) :
     font "Times-Roman" could not be found for family "serif"
    Warning in doTryCatch(return(expr), name, parentenv, handler) :
     font "Times-Roman" could not be found for family "serif"
    Warning in doTryCatch(return(expr), name, parentenv, handler) :
     font "Times-Roman" could not be found for family "serif"
    Warning in doTryCatch(return(expr), name, parentenv, handler) :
     font "Times-Roman" could not be found for family "serif"
    Warning in doTryCatch(return(expr), name, parentenv, handler) :
     font "Times-Roman" could not be found for family "serif"
    Warning in doTryCatch(return(expr), name, parentenv, handler) :
     font "Times-Roman" could not be found for family "serif"
    Warning in doTryCatch(return(expr), name, parentenv, handler) :
     font "Times-Roman" could not be found for family "serif"
    Warning in doTryCatch(return(expr), name, parentenv, handler) :
     font "Times-Roman" could not be found for family "serif"
    Warning in doTryCatch(return(expr), name, parentenv, handler) :
     font "Times-Roman" could not be found for family "serif"
    Warning in doTryCatch(return(expr), name, parentenv, handler) :
     font "Times-Roman" could not be found for family "serif"
    Warning in doTryCatch(return(expr), name, parentenv, handler) :
     font "Times-Roman" could not be found for family "serif"
    Warning in doTryCatch(return(expr), name, parentenv, handler) :
     font "Times-Roman" could not be found for family "serif"
    Warning in doTryCatch(return(expr), name, parentenv, handler) :
     font "Times-Roman" could not be found for family "serif"
    Warning in doTryCatch(return(expr), name, parentenv, handler) :
     font "Times-Roman" could not be found for family "serif"
    Warning in doTryCatch(return(expr), name, parentenv, handler) :
     font "Times-Roman" could not be found for family "serif"
    Warning in doTryCatch(return(expr), name, parentenv, handler) :
     font "Times-Roman" could not be found for family "serif"
    Warning in doTryCatch(return(expr), name, parentenv, handler) :
     font "Times-Roman" could not be found for family "serif"
    Warning in doTryCatch(return(expr), name, parentenv, handler) :
     font "Times-Roman" could not be found for family "serif"
    Warning in doTryCatch(return(expr), name, parentenv, handler) :
     font "Times-Roman" could not be found for family "serif"
    Warning in doTryCatch(return(expr), name, parentenv, handler) :
     font "Times-Roman" could not be found for family "serif"
    Warning in doTryCatch(return(expr), name, parentenv, handler) :
     font "Times-Roman" could not be found for family "serif"
    Warning in doTryCatch(return(expr), name, parentenv, handler) :
     font "Times-Roman" could not be found for family "serif"
    Warning in doTryCatch(return(expr), name, parentenv, handler) :
     font "Times-Roman" could not be found for family "serif"
    Warning in doTryCatch(return(expr), name, parentenv, handler) :
     font "Times-Roman" could not be found for family "serif"
    Warning in doTryCatch(return(expr), name, parentenv, handler) :
     font "Times-Roman" could not be found for family "serif"
    Warning in doTryCatch(return(expr), name, parentenv, handler) :
     font "Times-Roman" could not be found for family "serif"
    Warning in doTryCatch(return(expr), name, parentenv, handler) :
     font "Times-Roman" could not be found for family "serif"
    Warning in doTryCatch(return(expr), name, parentenv, handler) :
     font "Times-Roman" could not be found for family "serif"
    Warning in doTryCatch(return(expr), name, parentenv, handler) :
     font "Times-Roman" could not be found for family "serif"
    Warning in doTryCatch(return(expr), name, parentenv, handler) :
     font "Times-Roman" could not be found for family "serif"
    Warning in doTryCatch(return(expr), name, parentenv, handler) :
     font "Times-Roman" could not be found for family "serif"
    Warning in doTryCatch(return(expr), name, parentenv, handler) :
     font "Times-Roman" could not be found for family "serif"
    Warning in doTryCatch(return(expr), name, parentenv, handler) :
     font "Times-Roman" could not be found for family "serif"
    Warning in doTryCatch(return(expr), name, parentenv, handler) :
     font "Times-Roman" could not be found for family "serif"
    Warning in doTryCatch(return(expr), name, parentenv, handler) :
     font "Times-Roman" could not be found for family "serif"
    Warning in doTryCatch(return(expr), name, parentenv, handler) :
     font "Times-Roman" could not be found for family "serif"
    Warning in doTryCatch(return(expr), name, parentenv, handler) :
     font "Times-Roman" could not be found for family "serif"
    Warning in doTryCatch(return(expr), name, parentenv, handler) :
     font "Times-Roman" could not be found for family "serif"
    Warning in doTryCatch(return(expr), name, parentenv, handler) :
     font "Times-Roman" could not be found for family "serif"
    Warning in doTryCatch(return(expr), name, parentenv, handler) :
     font "Times-Roman" could not be found for family "serif"
    Warning in doTryCatch(return(expr), name, parentenv, handler) :
     font "Times-Roman" could not be found for family "serif"
    Warning in doTryCatch(return(expr), name, parentenv, handler) :
     font "Times-Roman" could not be found for family "serif"
    Warning in doTryCatch(return(expr), name, parentenv, handler) :
     font "Times-Roman" could not be found for family "serif"
    Warning in doTryCatch(return(expr), name, parentenv, handler) :
     font "Times-Roman" could not be found for family "serif"
    Warning in doTryCatch(return(expr), name, parentenv, handler) :
     font "Times-Roman" could not be found for family "serif"
    Warning in doTryCatch(return(expr), name, parentenv, handler) :
     font "Times-Roman" could not be found for family "serif"
    Warning in doTryCatch(return(expr), name, parentenv, handler) :
     font "Times-Roman" could not be found for family "serif"
    Warning in doTryCatch(return(expr), name, parentenv, handler) :
     font "Times-Roman" could not be found for family "serif"
    Warning in doTryCatch(return(expr), name, parentenv, handler) :
     font "Times-Roman" could not be found for family "serif"
    Warning in doTryCatch(return(expr), name, parentenv, handler) :
     font "Times-Roman" could not be found for family "serif"
    Warning in doTryCatch(return(expr), name, parentenv, handler) :
     font "Times-Roman" could not be found for family "serif"
    Warning in doTryCatch(return(expr), name, parentenv, handler) :
     font "Times-Roman" could not be found for family "serif"
    Warning in doTryCatch(return(expr), name, parentenv, handler) :
     font "Times-Roman" could not be found for family "serif"
    --- finished re-building ‘igraph.Rmd’
    
    --- re-building ‘rsppfp.Rmd’ using rmarkdown
    Warning in engine$weave(file, quiet = quiet, encoding = enc) :
     Pandoc (>= 1.12.3) not available. Falling back to R Markdown v1.
    --- finished re-building ‘rsppfp.Rmd’
    
    SUMMARY: processing the following file failed:
     ‘benchmark.Rmd’
    
    Error: Vignette re-building failed.
    Execution halted
Flavor: r-release-macos-arm64