CRAN Package Check Results for Package rscorecard

Last updated on 2022-01-24 12:52:22 CET.

Flavor Version Tinstall Tcheck Ttotal Status Flags
r-devel-linux-x86_64-debian-clang 0.20.0 2.74 39.43 42.17 OK
r-devel-linux-x86_64-debian-gcc 0.20.0 2.60 30.95 33.55 OK
r-devel-linux-x86_64-fedora-clang 0.20.0 52.86 NOTE
r-devel-linux-x86_64-fedora-gcc 0.20.0 42.13 NOTE
r-devel-windows-x86_64-new-UL 0.20.0 33.00 66.00 99.00 OK
r-devel-windows-x86_64-new-TK 0.20.0 NOTE
r-patched-linux-x86_64 0.20.0 3.32 38.07 41.39 OK
r-release-linux-x86_64 0.20.0 3.13 37.94 41.07 OK
r-release-macos-arm64 0.20.0 NOTE
r-release-macos-x86_64 0.20.0 NOTE
r-release-windows-ix86+x86_64 0.20.0 7.00 52.00 59.00 OK
r-oldrel-macos-x86_64 0.20.0 NOTE
r-oldrel-windows-ix86+x86_64 0.20.0 7.00 53.00 60.00 OK

Check Details

Version: 0.20.0
Check: dependencies in R code
Result: NOTE
    Namespace in Imports field not imported from: ‘tidyselect’
     All declared Imports should be used.
Flavors: r-devel-linux-x86_64-fedora-clang, r-devel-linux-x86_64-fedora-gcc, r-devel-windows-x86_64-new-TK, r-release-macos-arm64, r-release-macos-x86_64, r-oldrel-macos-x86_64