CRAN Package Check Results for Package rscopus

Last updated on 2021-09-21 04:55:33 CEST.

Flavor Version Tinstall Tcheck Ttotal Status Flags
r-devel-linux-x86_64-debian-clang 0.6.6 8.51 67.49 76.00 NOTE
r-devel-linux-x86_64-debian-gcc 0.6.6 5.73 49.49 55.22 NOTE
r-devel-linux-x86_64-fedora-clang 0.6.6 94.46 NOTE
r-devel-linux-x86_64-fedora-gcc 0.6.6 83.12 NOTE
r-devel-windows-x86_64 0.6.6 10.00 78.00 88.00 NOTE
r-devel-windows-x86_64-gcc10-UCRT 0.6.6 ERROR
r-patched-linux-x86_64 0.6.6 16.03 63.44 79.47 NOTE
r-patched-solaris-x86 0.6.6 117.30 NOTE
r-release-linux-x86_64 0.6.6 7.72 63.65 71.37 NOTE
r-release-macos-arm64 0.6.6 NOTE
r-release-macos-x86_64 0.6.6 NOTE
r-release-windows-ix86+x86_64 0.6.6 16.00 75.00 91.00 NOTE
r-oldrel-macos-x86_64 0.6.6 OK
r-oldrel-windows-ix86+x86_64 0.6.6 17.00 74.00 91.00 OK

Check Details

Version: 0.6.6
Check: LazyData
Result: NOTE
     'LazyData' is specified without a 'data' directory
Flavors: r-devel-linux-x86_64-debian-clang, r-devel-linux-x86_64-debian-gcc, r-devel-linux-x86_64-fedora-clang, r-devel-linux-x86_64-fedora-gcc, r-devel-windows-x86_64, r-devel-windows-x86_64-gcc10-UCRT, r-patched-linux-x86_64, r-patched-solaris-x86, r-release-linux-x86_64, r-release-macos-arm64, r-release-macos-x86_64, r-release-windows-ix86+x86_64

Version: 0.6.6
Check: whether package can be installed
Result: WARN
    Found the following significant warnings:
     WARNING: installation-time patches will not be applied, could not get the patches index
Flavor: r-devel-windows-x86_64-gcc10-UCRT

Version: 0.6.6
Check: PDF version of manual
Result: WARN
    LaTeX errors when creating PDF version.
    This typically indicates Rd problems.
Flavor: r-devel-windows-x86_64-gcc10-UCRT

Version: 0.6.6
Check: PDF version of manual without hyperrefs or index
Result: ERROR
    Re-running with no redirection of stdout/stderr.
Flavor: r-devel-windows-x86_64-gcc10-UCRT