CRAN Package Check Results for Package rscontract

Last updated on 2023-02-05 04:51:19 CET.

Flavor Version Tinstall Tcheck Ttotal Status Flags
r-devel-linux-x86_64-debian-clang 0.1.2 2.01 23.04 25.05 NOTE
r-devel-linux-x86_64-debian-gcc 0.1.2 1.57 17.72 19.29 NOTE
r-devel-linux-x86_64-fedora-clang 0.1.2 32.75 NOTE
r-devel-linux-x86_64-fedora-gcc 0.1.2 30.63 NOTE
r-devel-windows-x86_64 0.1.2 26.00 54.00 80.00 NOTE
r-patched-linux-x86_64 0.1.2 2.03 22.27 24.30 NOTE
r-release-linux-x86_64 0.1.2 2.30 22.52 24.82 NOTE
r-release-macos-arm64 0.1.2 14.00 NOTE
r-release-macos-x86_64 0.1.2 22.00 NOTE
r-release-windows-x86_64 0.1.2 15.00 56.00 71.00 NOTE
r-oldrel-macos-arm64 0.1.2 18.00 NOTE
r-oldrel-macos-x86_64 0.1.2 28.00 NOTE
r-oldrel-windows-ix86+x86_64 0.1.2 5.00 48.00 53.00 NOTE

Check Details

Version: 0.1.2
Check: LazyData
Result: NOTE
     'LazyData' is specified without a 'data' directory
Flavors: r-devel-linux-x86_64-debian-clang, r-devel-linux-x86_64-debian-gcc, r-devel-linux-x86_64-fedora-clang, r-devel-linux-x86_64-fedora-gcc, r-devel-windows-x86_64, r-patched-linux-x86_64, r-release-linux-x86_64, r-release-macos-arm64, r-release-macos-x86_64, r-release-windows-x86_64, r-oldrel-macos-arm64, r-oldrel-macos-x86_64, r-oldrel-windows-ix86+x86_64